{"id":161,"date":"2021-06-20T22:21:20","date_gmt":"2021-06-20T19:21:20","guid":{"rendered":"https:\/\/bilisimyildizlari.org.tr\/2013\/?page_id=161"},"modified":"2021-06-20T22:25:17","modified_gmt":"2021-06-20T19:25:17","slug":"bilisim-yildizlari-odulleri","status":"publish","type":"page","link":"https:\/\/bilisimyildizlari.org.tr\/2013\/bilisim-yildizlari\/bilisim-yildizlari-odulleri\/","title":{"rendered":"Bili\u015fim Y\u0131ld\u0131zlar\u0131 \u00d6d\u00fclleri"},"content":{"rendered":"<p><strong>Bili\u015fim Y\u0131ld\u0131zlar\u0131 \u00d6d\u00fclleri<\/strong><\/p>\n<p>Bili\u015fim Y\u0131ld\u0131zlar\u0131 e-D\u00f6n\u00fc\u015f\u00fcm Yar\u0131\u015fmas\u0131 j\u00fcri \u00fcyeleri, her ana kategoride ba\u015fvuran farkl\u0131 Bili\u015fim Y\u0131ld\u0131zlar\u0131 E-d\u00f6n\u00fc\u015f\u00fcm Yar\u0131\u015fmas\u0131 kategorileri \u00fczerinden en iyi e-d\u00f6n\u00fc\u015f\u00fcm yap\u0131s\u0131n\u0131 belirler.<\/p>\n<p>De\u011ferlendirmeler sonucu, her kategoriden ba\u015fvuran e-d\u00f6n\u00fc\u015f\u00fcm \u00e7\u00f6z\u00fcmlerinin en iyilerine \u00f6d\u00fcl verilir.<\/p>\n<p>Bili\u015fim Y\u0131ld\u0131zlar\u0131 e-D\u00f6n\u00fc\u015f\u00fcm Yar\u0131\u015fmas\u0131\u2019nda 7 farkl\u0131 kategoride \u00f6d\u00fcl verilmektedir. Her kategoride ilk \u00fc\u00e7e girenler belirlenerek sertifikalar\u0131 verilirken, 1. olan\u00a0<b>En \u0130yi e-D\u00f6n\u00fc\u015f\u00fcm \u00c7\u00f6z\u00fcm\u00fc<\/b>\u00a0\u00f6d\u00fcl t\u00f6reninde \u00f6d\u00fcl\u00fcn\u00fc almaktad\u0131r. Yar\u0131\u015fmam\u0131zda dereceye giren kat\u0131l\u0131mc\u0131lara Microsoft \u00fcr\u00fcnlerinden olu\u015fan \u00e7e\u015fitli hediyeler verilecektir.<\/p>\n<p>Bili\u015fim Y\u0131ld\u0131zlar\u0131 e-D\u00f6n\u00fc\u015f\u00fcm komitesi, final de\u011ferlendirme \u00f6nko\u015fullar\u0131n\u0131 sa\u011flayan siteler olmamas\u0131<br \/>\ndurumunda ya da yeterli kat\u0131l\u0131m olmamas\u0131 durumunda ilgili kategori(ler)de \u00f6d\u00fcl vermeme hakk\u0131n\u0131 sakl\u0131 tutar.<\/p>\n<h6 style=\"width: 100%;padding: 15px;background-color: #f5f5f5;border-radius: 25px;font-family: calibri;text-align: right;vertical-align: middle\"><span style=\"float: left\"><br \/>\n<a href=\"https:\/\/bilisimyildizlari.org.tr\/2014\/\"><img decoding=\"async\" src=\"https:\/\/bilisimyildizlari.org.tr\/2014\/wp-content\/uploads\/sites\/3\/2021\/03\/fbilesim.jpg\" \/><\/a> \u00a0Bili\u015fim Yildizlari 2013<br \/>\n<\/span><br \/>\n<a href=\"https:\/\/www.tbd.org.tr\/\"><img decoding=\"async\" src=\"https:\/\/bilisimyildizlari.org.tr\/2014\/wp-content\/uploads\/sites\/3\/2021\/03\/f1.jpg\" \/><\/a><a href=\"https:\/\/www.btk.gov.tr\/\"><img decoding=\"async\" src=\"https:\/\/bilisimyildizlari.org.tr\/2014\/wp-content\/uploads\/sites\/3\/2021\/03\/f2.jpg\" \/><\/a><a href=\"https:\/\/www.uab.gov.tr\/\"><img decoding=\"async\" src=\"https:\/\/bilisimyildizlari.org.tr\/2014\/wp-content\/uploads\/sites\/3\/2021\/03\/f3.jpg\" \/><\/a><\/h6>\n","protected":false},"excerpt":{"rendered":"<p>Bili\u015fim Y\u0131ld\u0131zlar\u0131 \u00d6d\u00fclleri Bili\u015fim Y\u0131ld\u0131zlar\u0131 e-D\u00f6n\u00fc\u015f\u00fcm Yar\u0131\u015fmas\u0131 j\u00fcri \u00fcyeleri, her ana kategoride ba\u015fvuran farkl\u0131 Bili\u015fim Y\u0131ld\u0131zlar\u0131 E-d\u00f6n\u00fc\u015f\u00fcm Yar\u0131\u015fmas\u0131 kategorileri \u00fczerinden en iyi e-d\u00f6n\u00fc\u015f\u00fcm yap\u0131s\u0131n\u0131 belirler.<\/p>\n","protected":false},"author":5,"featured_media":0,"parent":7,"menu_order":0,"comment_status":"closed","ping_status":"closed","template":"","meta":{"footnotes":""},"class_list":["post-161","page","type-page","status-publish","hentry"],"yoast_head":"<!-- This site is optimized with the Yoast SEO plugin v27.5 - https:\/\/yoast.com\/product\/yoast-seo-wordpress\/ -->\n<title>Bili\u015fim Y\u0131ld\u0131zlar\u0131 \u00d6d\u00fclleri - Bili\u015fim Y\u0131ld\u0131zlar\u0131 2013<\/title>\n<meta name=\"robots\" content=\"index, follow, max-snippet:-1, max-image-preview:large, max-video-preview:-1\" \/>\n<link rel=\"canonical\" href=\"https:\/\/bilisimyildizlari.org.tr\/2013\/bilisim-yildizlari\/bilisim-yildizlari-odulleri\/\" \/>\n<meta property=\"og:locale\" content=\"tr_TR\" \/>\n<meta property=\"og:type\" content=\"article\" \/>\n<meta property=\"og:title\" content=\"Bili\u015fim Y\u0131ld\u0131zlar\u0131 \u00d6d\u00fclleri - Bili\u015fim Y\u0131ld\u0131zlar\u0131 2013\" \/>\n<meta property=\"og:description\" content=\"Bili\u015fim Y\u0131ld\u0131zlar\u0131 \u00d6d\u00fclleri Bili\u015fim Y\u0131ld\u0131zlar\u0131 e-D\u00f6n\u00fc\u015f\u00fcm Yar\u0131\u015fmas\u0131 j\u00fcri \u00fcyeleri, her ana kategoride ba\u015fvuran farkl\u0131 Bili\u015fim Y\u0131ld\u0131zlar\u0131 E-d\u00f6n\u00fc\u015f\u00fcm Yar\u0131\u015fmas\u0131 kategorileri \u00fczerinden en iyi e-d\u00f6n\u00fc\u015f\u00fcm yap\u0131s\u0131n\u0131 belirler.\" \/>\n<meta property=\"og:url\" content=\"https:\/\/bilisimyildizlari.org.tr\/2013\/bilisim-yildizlari\/bilisim-yildizlari-odulleri\/\" \/>\n<meta property=\"og:site_name\" content=\"Bili\u015fim Y\u0131ld\u0131zlar\u0131 2013\" \/>\n<meta property=\"article:modified_time\" content=\"2021-06-20T19:25:17+00:00\" \/>\n<meta property=\"og:image\" content=\"https:\/\/bilisimyildizlari.org.tr\/2014\/wp-content\/uploads\/sites\/3\/2021\/03\/fbilesim.jpg\" \/>\n<meta name=\"twitter:card\" content=\"summary_large_image\" \/>\n<meta name=\"twitter:label1\" content=\"Tahmini okuma s\u00fcresi\" \/>\n\t<meta name=\"twitter:data1\" content=\"1 dakika\" \/>\n<script type=\"application\/ld+json\" class=\"yoast-schema-graph\">{\"@context\":\"https:\\\/\\\/schema.org\",\"@graph\":[{\"@type\":\"WebPage\",\"@id\":\"https:\\\/\\\/bilisimyildizlari.org.tr\\\/2013\\\/bilisim-yildizlari\\\/bilisim-yildizlari-odulleri\\\/\",\"url\":\"https:\\\/\\\/bilisimyildizlari.org.tr\\\/2013\\\/bilisim-yildizlari\\\/bilisim-yildizlari-odulleri\\\/\",\"name\":\"Bili\u015fim Y\u0131ld\u0131zlar\u0131 \u00d6d\u00fclleri - Bili\u015fim Y\u0131ld\u0131zlar\u0131 2013\",\"isPartOf\":{\"@id\":\"https:\\\/\\\/bilisimyildizlari.org.tr\\\/2013\\\/#website\"},\"primaryImageOfPage\":{\"@id\":\"https:\\\/\\\/bilisimyildizlari.org.tr\\\/2013\\\/bilisim-yildizlari\\\/bilisim-yildizlari-odulleri\\\/#primaryimage\"},\"image\":{\"@id\":\"https:\\\/\\\/bilisimyildizlari.org.tr\\\/2013\\\/bilisim-yildizlari\\\/bilisim-yildizlari-odulleri\\\/#primaryimage\"},\"thumbnailUrl\":\"https:\\\/\\\/bilisimyildizlari.org.tr\\\/2014\\\/wp-content\\\/uploads\\\/sites\\\/3\\\/2021\\\/03\\\/fbilesim.jpg\",\"datePublished\":\"2021-06-20T19:21:20+00:00\",\"dateModified\":\"2021-06-20T19:25:17+00:00\",\"breadcrumb\":{\"@id\":\"https:\\\/\\\/bilisimyildizlari.org.tr\\\/2013\\\/bilisim-yildizlari\\\/bilisim-yildizlari-odulleri\\\/#breadcrumb\"},\"inLanguage\":\"tr\",\"potentialAction\":[{\"@type\":\"ReadAction\",\"target\":[\"https:\\\/\\\/bilisimyildizlari.org.tr\\\/2013\\\/bilisim-yildizlari\\\/bilisim-yildizlari-odulleri\\\/\"]}]},{\"@type\":\"ImageObject\",\"inLanguage\":\"tr\",\"@id\":\"https:\\\/\\\/bilisimyildizlari.org.tr\\\/2013\\\/bilisim-yildizlari\\\/bilisim-yildizlari-odulleri\\\/#primaryimage\",\"url\":\"https:\\\/\\\/bilisimyildizlari.org.tr\\\/2014\\\/wp-content\\\/uploads\\\/sites\\\/3\\\/2021\\\/03\\\/fbilesim.jpg\",\"contentUrl\":\"https:\\\/\\\/bilisimyildizlari.org.tr\\\/2014\\\/wp-content\\\/uploads\\\/sites\\\/3\\\/2021\\\/03\\\/fbilesim.jpg\"},{\"@type\":\"BreadcrumbList\",\"@id\":\"https:\\\/\\\/bilisimyildizlari.org.tr\\\/2013\\\/bilisim-yildizlari\\\/bilisim-yildizlari-odulleri\\\/#breadcrumb\",\"itemListElement\":[{\"@type\":\"ListItem\",\"position\":1,\"name\":\"Anasayfa\",\"item\":\"https:\\\/\\\/bilisimyildizlari.org.tr\\\/2013\\\/\"},{\"@type\":\"ListItem\",\"position\":2,\"name\":\"Bili\u015fim Y\u0131ld\u0131zlar\u0131\",\"item\":\"https:\\\/\\\/bilisimyildizlari.org.tr\\\/2013\\\/bilisim-yildizlari\\\/\"},{\"@type\":\"ListItem\",\"position\":3,\"name\":\"Bili\u015fim Y\u0131ld\u0131zlar\u0131 \u00d6d\u00fclleri\"}]},{\"@type\":\"WebSite\",\"@id\":\"https:\\\/\\\/bilisimyildizlari.org.tr\\\/2013\\\/#website\",\"url\":\"https:\\\/\\\/bilisimyildizlari.org.tr\\\/2013\\\/\",\"name\":\"Bili\u015fim Y\u0131ld\u0131zlar\u0131 2013\",\"description\":\"\",\"publisher\":{\"@id\":\"https:\\\/\\\/bilisimyildizlari.org.tr\\\/2013\\\/#organization\"},\"potentialAction\":[{\"@type\":\"SearchAction\",\"target\":{\"@type\":\"EntryPoint\",\"urlTemplate\":\"https:\\\/\\\/bilisimyildizlari.org.tr\\\/2013\\\/?s={search_term_string}\"},\"query-input\":{\"@type\":\"PropertyValueSpecification\",\"valueRequired\":true,\"valueName\":\"search_term_string\"}}],\"inLanguage\":\"tr\"},{\"@type\":\"Organization\",\"@id\":\"https:\\\/\\\/bilisimyildizlari.org.tr\\\/2013\\\/#organization\",\"name\":\"Bili\u015fim Y\u0131ld\u0131zlar\u0131 2013\",\"url\":\"https:\\\/\\\/bilisimyildizlari.org.tr\\\/2013\\\/\",\"logo\":{\"@type\":\"ImageObject\",\"inLanguage\":\"tr\",\"@id\":\"https:\\\/\\\/bilisimyildizlari.org.tr\\\/2013\\\/#\\\/schema\\\/logo\\\/image\\\/\",\"url\":\"https:\\\/\\\/bilisimyildizlari.org.tr\\\/2013\\\/wp-content\\\/uploads\\\/sites\\\/4\\\/2022\\\/05\\\/cropped-TBD_ist_logo1.png\",\"contentUrl\":\"https:\\\/\\\/bilisimyildizlari.org.tr\\\/2013\\\/wp-content\\\/uploads\\\/sites\\\/4\\\/2022\\\/05\\\/cropped-TBD_ist_logo1.png\",\"width\":89,\"height\":80,\"caption\":\"Bili\u015fim Y\u0131ld\u0131zlar\u0131 2013\"},\"image\":{\"@id\":\"https:\\\/\\\/bilisimyildizlari.org.tr\\\/2013\\\/#\\\/schema\\\/logo\\\/image\\\/\"}}]}<\/script>\n<!-- \/ Yoast SEO plugin. -->","yoast_head_json":{"title":"Bili\u015fim Y\u0131ld\u0131zlar\u0131 \u00d6d\u00fclleri - Bili\u015fim Y\u0131ld\u0131zlar\u0131 2013","robots":{"index":"index","follow":"follow","max-snippet":"max-snippet:-1","max-image-preview":"max-image-preview:large","max-video-preview":"max-video-preview:-1"},"canonical":"https:\/\/bilisimyildizlari.org.tr\/2013\/bilisim-yildizlari\/bilisim-yildizlari-odulleri\/","og_locale":"tr_TR","og_type":"article","og_title":"Bili\u015fim Y\u0131ld\u0131zlar\u0131 \u00d6d\u00fclleri - Bili\u015fim Y\u0131ld\u0131zlar\u0131 2013","og_description":"Bili\u015fim Y\u0131ld\u0131zlar\u0131 \u00d6d\u00fclleri Bili\u015fim Y\u0131ld\u0131zlar\u0131 e-D\u00f6n\u00fc\u015f\u00fcm Yar\u0131\u015fmas\u0131 j\u00fcri \u00fcyeleri, her ana kategoride ba\u015fvuran farkl\u0131 Bili\u015fim Y\u0131ld\u0131zlar\u0131 E-d\u00f6n\u00fc\u015f\u00fcm Yar\u0131\u015fmas\u0131 kategorileri \u00fczerinden en iyi e-d\u00f6n\u00fc\u015f\u00fcm yap\u0131s\u0131n\u0131 belirler.","og_url":"https:\/\/bilisimyildizlari.org.tr\/2013\/bilisim-yildizlari\/bilisim-yildizlari-odulleri\/","og_site_name":"Bili\u015fim Y\u0131ld\u0131zlar\u0131 2013","article_modified_time":"2021-06-20T19:25:17+00:00","og_image":[{"url":"https:\/\/bilisimyildizlari.org.tr\/2014\/wp-content\/uploads\/sites\/3\/2021\/03\/fbilesim.jpg","type":"","width":"","height":""}],"twitter_card":"summary_large_image","twitter_misc":{"Tahmini okuma s\u00fcresi":"1 dakika"},"schema":{"@context":"https:\/\/schema.org","@graph":[{"@type":"WebPage","@id":"https:\/\/bilisimyildizlari.org.tr\/2013\/bilisim-yildizlari\/bilisim-yildizlari-odulleri\/","url":"https:\/\/bilisimyildizlari.org.tr\/2013\/bilisim-yildizlari\/bilisim-yildizlari-odulleri\/","name":"Bili\u015fim Y\u0131ld\u0131zlar\u0131 \u00d6d\u00fclleri - Bili\u015fim Y\u0131ld\u0131zlar\u0131 2013","isPartOf":{"@id":"https:\/\/bilisimyildizlari.org.tr\/2013\/#website"},"primaryImageOfPage":{"@id":"https:\/\/bilisimyildizlari.org.tr\/2013\/bilisim-yildizlari\/bilisim-yildizlari-odulleri\/#primaryimage"},"image":{"@id":"https:\/\/bilisimyildizlari.org.tr\/2013\/bilisim-yildizlari\/bilisim-yildizlari-odulleri\/#primaryimage"},"thumbnailUrl":"https:\/\/bilisimyildizlari.org.tr\/2014\/wp-content\/uploads\/sites\/3\/2021\/03\/fbilesim.jpg","datePublished":"2021-06-20T19:21:20+00:00","dateModified":"2021-06-20T19:25:17+00:00","breadcrumb":{"@id":"https:\/\/bilisimyildizlari.org.tr\/2013\/bilisim-yildizlari\/bilisim-yildizlari-odulleri\/#breadcrumb"},"inLanguage":"tr","potentialAction":[{"@type":"ReadAction","target":["https:\/\/bilisimyildizlari.org.tr\/2013\/bilisim-yildizlari\/bilisim-yildizlari-odulleri\/"]}]},{"@type":"ImageObject","inLanguage":"tr","@id":"https:\/\/bilisimyildizlari.org.tr\/2013\/bilisim-yildizlari\/bilisim-yildizlari-odulleri\/#primaryimage","url":"https:\/\/bilisimyildizlari.org.tr\/2014\/wp-content\/uploads\/sites\/3\/2021\/03\/fbilesim.jpg","contentUrl":"https:\/\/bilisimyildizlari.org.tr\/2014\/wp-content\/uploads\/sites\/3\/2021\/03\/fbilesim.jpg"},{"@type":"BreadcrumbList","@id":"https:\/\/bilisimyildizlari.org.tr\/2013\/bilisim-yildizlari\/bilisim-yildizlari-odulleri\/#breadcrumb","itemListElement":[{"@type":"ListItem","position":1,"name":"Anasayfa","item":"https:\/\/bilisimyildizlari.org.tr\/2013\/"},{"@type":"ListItem","position":2,"name":"Bili\u015fim Y\u0131ld\u0131zlar\u0131","item":"https:\/\/bilisimyildizlari.org.tr\/2013\/bilisim-yildizlari\/"},{"@type":"ListItem","position":3,"name":"Bili\u015fim Y\u0131ld\u0131zlar\u0131 \u00d6d\u00fclleri"}]},{"@type":"WebSite","@id":"https:\/\/bilisimyildizlari.org.tr\/2013\/#website","url":"https:\/\/bilisimyildizlari.org.tr\/2013\/","name":"Bili\u015fim Y\u0131ld\u0131zlar\u0131 2013","description":"","publisher":{"@id":"https:\/\/bilisimyildizlari.org.tr\/2013\/#organization"},"potentialAction":[{"@type":"SearchAction","target":{"@type":"EntryPoint","urlTemplate":"https:\/\/bilisimyildizlari.org.tr\/2013\/?s={search_term_string}"},"query-input":{"@type":"PropertyValueSpecification","valueRequired":true,"valueName":"search_term_string"}}],"inLanguage":"tr"},{"@type":"Organization","@id":"https:\/\/bilisimyildizlari.org.tr\/2013\/#organization","name":"Bili\u015fim Y\u0131ld\u0131zlar\u0131 2013","url":"https:\/\/bilisimyildizlari.org.tr\/2013\/","logo":{"@type":"ImageObject","inLanguage":"tr","@id":"https:\/\/bilisimyildizlari.org.tr\/2013\/#\/schema\/logo\/image\/","url":"https:\/\/bilisimyildizlari.org.tr\/2013\/wp-content\/uploads\/sites\/4\/2022\/05\/cropped-TBD_ist_logo1.png","contentUrl":"https:\/\/bilisimyildizlari.org.tr\/2013\/wp-content\/uploads\/sites\/4\/2022\/05\/cropped-TBD_ist_logo1.png","width":89,"height":80,"caption":"Bili\u015fim Y\u0131ld\u0131zlar\u0131 2013"},"image":{"@id":"https:\/\/bilisimyildizlari.org.tr\/2013\/#\/schema\/logo\/image\/"}}]}},"_links":{"self":[{"href":"https:\/\/bilisimyildizlari.org.tr\/2013\/wp-json\/wp\/v2\/pages\/161","targetHints":{"allow":["GET"]}}],"collection":[{"href":"https:\/\/bilisimyildizlari.org.tr\/2013\/wp-json\/wp\/v2\/pages"}],"about":[{"href":"https:\/\/bilisimyildizlari.org.tr\/2013\/wp-json\/wp\/v2\/types\/page"}],"author":[{"embeddable":true,"href":"https:\/\/bilisimyildizlari.org.tr\/2013\/wp-json\/wp\/v2\/users\/5"}],"replies":[{"embeddable":true,"href":"https:\/\/bilisimyildizlari.org.tr\/2013\/wp-json\/wp\/v2\/comments?post=161"}],"version-history":[{"count":0,"href":"https:\/\/bilisimyildizlari.org.tr\/2013\/wp-json\/wp\/v2\/pages\/161\/revisions"}],"up":[{"embeddable":true,"href":"https:\/\/bilisimyildizlari.org.tr\/2013\/wp-json\/wp\/v2\/pages\/7"}],"wp:attachment":[{"href":"https:\/\/bilisimyildizlari.org.tr\/2013\/wp-json\/wp\/v2\/media?parent=161"}],"curies":[{"name":"wp","href":"https:\/\/api.w.org\/{rel}","templated":true}]}}