{"id":172,"date":"2021-05-12T16:47:17","date_gmt":"2021-05-12T13:47:17","guid":{"rendered":"https:\/\/bilisimyildizlari.org.tr\/2014\/?page_id=172"},"modified":"2021-05-12T17:58:48","modified_gmt":"2021-05-12T14:58:48","slug":"oduller","status":"publish","type":"page","link":"https:\/\/bilisimyildizlari.org.tr\/2014\/oduller\/","title":{"rendered":"\u00d6d\u00fcller"},"content":{"rendered":"\n<p class=\"has-text-align-left\"><strong>Bili\u015fim Y\u0131ld\u0131zlar\u0131 \u00d6d\u00fclleri<\/strong><br>Bili\u015fim Y\u0131ld\u0131zlar\u0131 e-D\u00f6n\u00fc\u015f\u00fcm Yar\u0131\u015fmas\u0131 j\u00fcri \u00fcyeleri, her ana kategoride ba\u015fvuran farkl\u0131 Bili\u015fim Y\u0131ld\u0131zlar\u0131 E-d\u00f6n\u00fc\u015f\u00fcm Yar\u0131\u015fmas\u0131 kategorileri \u00fczerinden en iyi e-d\u00f6n\u00fc\u015f\u00fcm yap\u0131s\u0131n\u0131 belirler. De\u011ferlendirmeler sonucu, her kategoriden ba\u015fvuran e-d\u00f6n\u00fc\u015f\u00fcm \u00e7\u00f6z\u00fcmlerinin en iyilerine \u00f6d\u00fcl verilir. Bili\u015fim Y\u0131ld\u0131zlar\u0131 e-D\u00f6n\u00fc\u015f\u00fcm Yar\u0131\u015fmas\u0131\u2019nda 6 farkl\u0131 kategoride \u00f6d\u00fcl verilmektedir. Her kategoride ilk \u00fc\u00e7e girenler belirlenerek sertifikalar\u0131 verilirken, 1. olan En \u0130yi e-D\u00f6n\u00fc\u015f\u00fcm \u00c7\u00f6z\u00fcm\u00fc \u00f6d\u00fcl t\u00f6reninde \u00f6d\u00fcl\u00fcn\u00fc almaktad\u0131r. Yar\u0131\u015fmam\u0131zda dereceye giren kat\u0131l\u0131mc\u0131lara Microsoft \u00fcr\u00fcnlerinden olu\u015fan \u00e7e\u015fitli hediyeler verilecektir. Bili\u015fim Y\u0131ld\u0131zlar\u0131 e-D\u00f6n\u00fc\u015f\u00fcm komitesi, final de\u011ferlendirme \u00f6nko\u015fullar\u0131n\u0131 sa\u011flayan siteler olmamas\u0131 durumunda ya da yeterli kat\u0131l\u0131m olmamas\u0131 durumunda ilgili kategori(ler)de \u00f6d\u00fcl vermeme hakk\u0131n\u0131 sakl\u0131 tutar.<\/p>\n","protected":false},"excerpt":{"rendered":"<p>Bili\u015fim Y\u0131ld\u0131zlar\u0131 \u00d6d\u00fclleriBili\u015fim Y\u0131ld\u0131zlar\u0131 e-D\u00f6n\u00fc\u015f\u00fcm Yar\u0131\u015fmas\u0131 j\u00fcri \u00fcyeleri, her ana kategoride ba\u015fvuran farkl\u0131 Bili\u015fim Y\u0131ld\u0131zlar\u0131 E-d\u00f6n\u00fc\u015f\u00fcm Yar\u0131\u015fmas\u0131 kategorileri \u00fczerinden en iyi e-d\u00f6n\u00fc\u015f\u00fcm yap\u0131s\u0131n\u0131 belirler. De\u011ferlendirmeler<\/p>\n","protected":false},"author":5,"featured_media":0,"parent":0,"menu_order":0,"comment_status":"closed","ping_status":"closed","template":"","meta":{"footnotes":""},"class_list":["post-172","page","type-page","status-publish","hentry"],"yoast_head":"<!-- This site is optimized with the Yoast SEO plugin v27.4 - https:\/\/yoast.com\/product\/yoast-seo-wordpress\/ -->\n<title>\u00d6d\u00fcller - Bili\u015fim Y\u0131ld\u0131zlar\u0131 2014<\/title>\n<meta name=\"robots\" content=\"index, follow, max-snippet:-1, max-image-preview:large, max-video-preview:-1\" \/>\n<link rel=\"canonical\" href=\"https:\/\/bilisimyildizlari.org.tr\/2014\/oduller\/\" \/>\n<meta property=\"og:locale\" content=\"tr_TR\" \/>\n<meta property=\"og:type\" content=\"article\" \/>\n<meta property=\"og:title\" content=\"\u00d6d\u00fcller - Bili\u015fim Y\u0131ld\u0131zlar\u0131 2014\" \/>\n<meta property=\"og:description\" content=\"Bili\u015fim Y\u0131ld\u0131zlar\u0131 \u00d6d\u00fclleriBili\u015fim Y\u0131ld\u0131zlar\u0131 e-D\u00f6n\u00fc\u015f\u00fcm Yar\u0131\u015fmas\u0131 j\u00fcri \u00fcyeleri, her ana kategoride ba\u015fvuran farkl\u0131 Bili\u015fim Y\u0131ld\u0131zlar\u0131 E-d\u00f6n\u00fc\u015f\u00fcm Yar\u0131\u015fmas\u0131 kategorileri \u00fczerinden en iyi e-d\u00f6n\u00fc\u015f\u00fcm yap\u0131s\u0131n\u0131 belirler. De\u011ferlendirmeler\" \/>\n<meta property=\"og:url\" content=\"https:\/\/bilisimyildizlari.org.tr\/2014\/oduller\/\" \/>\n<meta property=\"og:site_name\" content=\"Bili\u015fim Y\u0131ld\u0131zlar\u0131 2014\" \/>\n<meta property=\"article:modified_time\" content=\"2021-05-12T14:58:48+00:00\" \/>\n<meta name=\"twitter:card\" content=\"summary_large_image\" \/>\n<meta name=\"twitter:label1\" content=\"Tahmini okuma s\u00fcresi\" \/>\n\t<meta name=\"twitter:data1\" content=\"1 dakika\" \/>\n<script type=\"application\/ld+json\" class=\"yoast-schema-graph\">{\"@context\":\"https:\\\/\\\/schema.org\",\"@graph\":[{\"@type\":\"WebPage\",\"@id\":\"https:\\\/\\\/bilisimyildizlari.org.tr\\\/2014\\\/oduller\\\/\",\"url\":\"https:\\\/\\\/bilisimyildizlari.org.tr\\\/2014\\\/oduller\\\/\",\"name\":\"\u00d6d\u00fcller - Bili\u015fim Y\u0131ld\u0131zlar\u0131 2014\",\"isPartOf\":{\"@id\":\"https:\\\/\\\/bilisimyildizlari.org.tr\\\/2014\\\/#website\"},\"datePublished\":\"2021-05-12T13:47:17+00:00\",\"dateModified\":\"2021-05-12T14:58:48+00:00\",\"breadcrumb\":{\"@id\":\"https:\\\/\\\/bilisimyildizlari.org.tr\\\/2014\\\/oduller\\\/#breadcrumb\"},\"inLanguage\":\"tr\",\"potentialAction\":[{\"@type\":\"ReadAction\",\"target\":[\"https:\\\/\\\/bilisimyildizlari.org.tr\\\/2014\\\/oduller\\\/\"]}]},{\"@type\":\"BreadcrumbList\",\"@id\":\"https:\\\/\\\/bilisimyildizlari.org.tr\\\/2014\\\/oduller\\\/#breadcrumb\",\"itemListElement\":[{\"@type\":\"ListItem\",\"position\":1,\"name\":\"Anasayfa\",\"item\":\"https:\\\/\\\/bilisimyildizlari.org.tr\\\/2014\\\/\"},{\"@type\":\"ListItem\",\"position\":2,\"name\":\"\u00d6d\u00fcller\"}]},{\"@type\":\"WebSite\",\"@id\":\"https:\\\/\\\/bilisimyildizlari.org.tr\\\/2014\\\/#website\",\"url\":\"https:\\\/\\\/bilisimyildizlari.org.tr\\\/2014\\\/\",\"name\":\"Bili\u015fim Y\u0131ld\u0131zlar\u0131 2014\",\"description\":\"\u0130stanbul Bili\u015fim Y\u0131ld\u0131zlar\u0131 2014 Ar\u015fivi\",\"publisher\":{\"@id\":\"https:\\\/\\\/bilisimyildizlari.org.tr\\\/2014\\\/#organization\"},\"potentialAction\":[{\"@type\":\"SearchAction\",\"target\":{\"@type\":\"EntryPoint\",\"urlTemplate\":\"https:\\\/\\\/bilisimyildizlari.org.tr\\\/2014\\\/?s={search_term_string}\"},\"query-input\":{\"@type\":\"PropertyValueSpecification\",\"valueRequired\":true,\"valueName\":\"search_term_string\"}}],\"inLanguage\":\"tr\"},{\"@type\":\"Organization\",\"@id\":\"https:\\\/\\\/bilisimyildizlari.org.tr\\\/2014\\\/#organization\",\"name\":\"Bili\u015fim Y\u0131ld\u0131zlar\u0131 2014\",\"url\":\"https:\\\/\\\/bilisimyildizlari.org.tr\\\/2014\\\/\",\"logo\":{\"@type\":\"ImageObject\",\"inLanguage\":\"tr\",\"@id\":\"https:\\\/\\\/bilisimyildizlari.org.tr\\\/2014\\\/#\\\/schema\\\/logo\\\/image\\\/\",\"url\":\"https:\\\/\\\/bilisimyildizlari.org.tr\\\/2014\\\/wp-content\\\/uploads\\\/sites\\\/3\\\/2022\\\/05\\\/cropped-logo2014.jpg\",\"contentUrl\":\"https:\\\/\\\/bilisimyildizlari.org.tr\\\/2014\\\/wp-content\\\/uploads\\\/sites\\\/3\\\/2022\\\/05\\\/cropped-logo2014.jpg\",\"width\":385,\"height\":119,\"caption\":\"Bili\u015fim Y\u0131ld\u0131zlar\u0131 2014\"},\"image\":{\"@id\":\"https:\\\/\\\/bilisimyildizlari.org.tr\\\/2014\\\/#\\\/schema\\\/logo\\\/image\\\/\"}}]}<\/script>\n<!-- \/ Yoast SEO plugin. -->","yoast_head_json":{"title":"\u00d6d\u00fcller - Bili\u015fim Y\u0131ld\u0131zlar\u0131 2014","robots":{"index":"index","follow":"follow","max-snippet":"max-snippet:-1","max-image-preview":"max-image-preview:large","max-video-preview":"max-video-preview:-1"},"canonical":"https:\/\/bilisimyildizlari.org.tr\/2014\/oduller\/","og_locale":"tr_TR","og_type":"article","og_title":"\u00d6d\u00fcller - Bili\u015fim Y\u0131ld\u0131zlar\u0131 2014","og_description":"Bili\u015fim Y\u0131ld\u0131zlar\u0131 \u00d6d\u00fclleriBili\u015fim Y\u0131ld\u0131zlar\u0131 e-D\u00f6n\u00fc\u015f\u00fcm Yar\u0131\u015fmas\u0131 j\u00fcri \u00fcyeleri, her ana kategoride ba\u015fvuran farkl\u0131 Bili\u015fim Y\u0131ld\u0131zlar\u0131 E-d\u00f6n\u00fc\u015f\u00fcm Yar\u0131\u015fmas\u0131 kategorileri \u00fczerinden en iyi e-d\u00f6n\u00fc\u015f\u00fcm yap\u0131s\u0131n\u0131 belirler. De\u011ferlendirmeler","og_url":"https:\/\/bilisimyildizlari.org.tr\/2014\/oduller\/","og_site_name":"Bili\u015fim Y\u0131ld\u0131zlar\u0131 2014","article_modified_time":"2021-05-12T14:58:48+00:00","twitter_card":"summary_large_image","twitter_misc":{"Tahmini okuma s\u00fcresi":"1 dakika"},"schema":{"@context":"https:\/\/schema.org","@graph":[{"@type":"WebPage","@id":"https:\/\/bilisimyildizlari.org.tr\/2014\/oduller\/","url":"https:\/\/bilisimyildizlari.org.tr\/2014\/oduller\/","name":"\u00d6d\u00fcller - Bili\u015fim Y\u0131ld\u0131zlar\u0131 2014","isPartOf":{"@id":"https:\/\/bilisimyildizlari.org.tr\/2014\/#website"},"datePublished":"2021-05-12T13:47:17+00:00","dateModified":"2021-05-12T14:58:48+00:00","breadcrumb":{"@id":"https:\/\/bilisimyildizlari.org.tr\/2014\/oduller\/#breadcrumb"},"inLanguage":"tr","potentialAction":[{"@type":"ReadAction","target":["https:\/\/bilisimyildizlari.org.tr\/2014\/oduller\/"]}]},{"@type":"BreadcrumbList","@id":"https:\/\/bilisimyildizlari.org.tr\/2014\/oduller\/#breadcrumb","itemListElement":[{"@type":"ListItem","position":1,"name":"Anasayfa","item":"https:\/\/bilisimyildizlari.org.tr\/2014\/"},{"@type":"ListItem","position":2,"name":"\u00d6d\u00fcller"}]},{"@type":"WebSite","@id":"https:\/\/bilisimyildizlari.org.tr\/2014\/#website","url":"https:\/\/bilisimyildizlari.org.tr\/2014\/","name":"Bili\u015fim Y\u0131ld\u0131zlar\u0131 2014","description":"\u0130stanbul Bili\u015fim Y\u0131ld\u0131zlar\u0131 2014 Ar\u015fivi","publisher":{"@id":"https:\/\/bilisimyildizlari.org.tr\/2014\/#organization"},"potentialAction":[{"@type":"SearchAction","target":{"@type":"EntryPoint","urlTemplate":"https:\/\/bilisimyildizlari.org.tr\/2014\/?s={search_term_string}"},"query-input":{"@type":"PropertyValueSpecification","valueRequired":true,"valueName":"search_term_string"}}],"inLanguage":"tr"},{"@type":"Organization","@id":"https:\/\/bilisimyildizlari.org.tr\/2014\/#organization","name":"Bili\u015fim Y\u0131ld\u0131zlar\u0131 2014","url":"https:\/\/bilisimyildizlari.org.tr\/2014\/","logo":{"@type":"ImageObject","inLanguage":"tr","@id":"https:\/\/bilisimyildizlari.org.tr\/2014\/#\/schema\/logo\/image\/","url":"https:\/\/bilisimyildizlari.org.tr\/2014\/wp-content\/uploads\/sites\/3\/2022\/05\/cropped-logo2014.jpg","contentUrl":"https:\/\/bilisimyildizlari.org.tr\/2014\/wp-content\/uploads\/sites\/3\/2022\/05\/cropped-logo2014.jpg","width":385,"height":119,"caption":"Bili\u015fim Y\u0131ld\u0131zlar\u0131 2014"},"image":{"@id":"https:\/\/bilisimyildizlari.org.tr\/2014\/#\/schema\/logo\/image\/"}}]}},"_links":{"self":[{"href":"https:\/\/bilisimyildizlari.org.tr\/2014\/wp-json\/wp\/v2\/pages\/172","targetHints":{"allow":["GET"]}}],"collection":[{"href":"https:\/\/bilisimyildizlari.org.tr\/2014\/wp-json\/wp\/v2\/pages"}],"about":[{"href":"https:\/\/bilisimyildizlari.org.tr\/2014\/wp-json\/wp\/v2\/types\/page"}],"author":[{"embeddable":true,"href":"https:\/\/bilisimyildizlari.org.tr\/2014\/wp-json\/wp\/v2\/users\/5"}],"replies":[{"embeddable":true,"href":"https:\/\/bilisimyildizlari.org.tr\/2014\/wp-json\/wp\/v2\/comments?post=172"}],"version-history":[{"count":0,"href":"https:\/\/bilisimyildizlari.org.tr\/2014\/wp-json\/wp\/v2\/pages\/172\/revisions"}],"wp:attachment":[{"href":"https:\/\/bilisimyildizlari.org.tr\/2014\/wp-json\/wp\/v2\/media?parent=172"}],"curies":[{"name":"wp","href":"https:\/\/api.w.org\/{rel}","templated":true}]}}