{"id":176,"date":"2018-10-05T08:51:21","date_gmt":"2018-10-05T05:51:21","guid":{"rendered":"http:\/\/rarathemesdemo.com\/the-conference-pro\/?page_id=176"},"modified":"2021-05-18T14:32:57","modified_gmt":"2021-05-18T11:32:57","slug":"hakkinda","status":"publish","type":"page","link":"https:\/\/bilisimyildizlari.org.tr\/2021\/hakkinda","title":{"rendered":"Hakk\u0131nda"},"content":{"rendered":"\n<p><strong>Bili\u015fim Y\u0131ld\u0131zlar\u0131 e-D\u00f6n\u00fc\u015f\u00fcm Yar\u0131\u015fmas\u0131,<\/strong> internet \u00fczerinde d\u00f6n\u00fc\u015f\u00fcm sa\u011flam\u0131\u015f veya i\u015f yap\u0131s\u0131n\u0131 \u0130nternet ortam\u0131na ta\u015f\u0131m\u0131\u015f farkl\u0131 web projelerinin daha iyi tan\u0131t\u0131lmas\u0131 ve e-d\u00f6n\u00fc\u015f\u00fcme olan ilginin artmas\u0131n\u0131 sa\u011flamak amac\u0131yla TBD \u0130stanbul \u015eubesi taraf\u0131ndan ger\u00e7ekle\u015ftirilen ba\u011f\u0131ms\u0131z bir organizasyon ve sekt\u00f6r\u00fcn en prestijli yar\u0131\u015fmalar\u0131ndan biridir.<\/p>\n\n\n\n<p>Bili\u015fim Y\u0131ld\u0131zlar\u0131 e-D\u00f6n\u00fc\u015f\u00fcm Yar\u0131\u015fmas\u0131 ilk kez 2009 y\u0131l\u0131nda, T\u00fcrkiye Bili\u015fim Derne\u011fi (TBD) deste\u011fi ile hayata ge\u00e7irilmi\u015ftir. Profesyonel olarak g\u00f6rev alan sekt\u00f6r\u00fcn \u00f6nde gelen uzman ve tecr\u00fcbeli j\u00fcrilerinin \u00f6nderli\u011finde her sene T\u00fcrkiye\u2019de olu\u015fturulan ba\u015far\u0131l\u0131 internet e-d\u00f6n\u00fc\u015f\u00fcm, say\u0131sal 8dijital) d\u00f6n\u00fc\u015f\u00fcm \u00e7al\u0131\u015fmalar\u0131n\u0131 de\u011ferlendirmeyi hedeflemektedir. Bug\u00fcne kadar ger\u00e7ekle\u015ftirilen yar\u0131\u015fmalarda j\u00fcri de\u011ferlendirmesinin yan\u0131 s\u0131ra halk oylamas\u0131 da de\u011ferlendirmeye kat\u0131lm\u0131\u015ft\u0131r. B\u00f6ylece, her seviyeden daha b\u00fcy\u00fck bir internet kullan\u0131c\u0131s\u0131n\u0131n etkinli\u011fe aktif olarak kat\u0131lmas\u0131 sa\u011flanm\u0131\u015ft\u0131r.<\/p>\n\n\n\n<figure class=\"wp-block-image size-large\"><img decoding=\"async\" src=\"https:\/\/bilisimyildizlari.org.tr\/wp-content\/uploads\/2021\/05\/Bilis\u0327im_Yildilari_2021-e1621332875369.png\" alt=\"\"\/><\/figure>\n\n\n\n<p>\u00dclkemizde bili\u015fim alan\u0131ndaki yenilik ve geli\u015fmeleri yak\u0131ndan takip eden ve bili\u015fim k\u00fclt\u00fcr\u00fcn\u00fcn yay\u0131lmas\u0131nda \u00f6nc\u00fcl\u00fck eden T\u00fcrkiye Bili\u015fim Derne\u011fi (TBD) 50. Y\u0131l Etkinlikleri kapsam\u0131nda TBD \u0130stanbul Bili\u015fim Y\u0131ld\u0131zlar\u0131 bu y\u0131l \u201c<strong>Yerli ve Milli \/ \u00d6zg\u00fcn Proje Yar\u0131\u015fmas\u0131<\/strong>\u201d temas\u0131yla d\u00fczenlemektedir. Yar\u0131\u015fma; \u00f6zel sekt\u00f6r, Ar-Ge merkezi olan \u00f6zel sekt\u00f6r firmalar\u0131, \u00fcniversite, teknopark, teknokent \u015firketleri, yerel y\u00f6netimler ve Sivil Toplum Kurulu\u015flar\u0131 (STK)\u2019ndan gelecek ger\u00e7ekle\u015ftirilmi\u015f yerli ve milli \/ \u00f6zg\u00fcn proje uygulamalar\u0131n\u0131 kapsamaktad\u0131r.<\/p>\n\n\n\n<p>\u00dclkemizde son y\u0131llarda \u00f6zellikle savunma sanayisiyle ivme kazanan yerli, milli ve \u00f6zg\u00fcn \u00fcretim d\u00fc\u015f\u00fcncesi, otomotiv, e\u011fitim, sa\u011fl\u0131k, ileti\u015fim gibi pek \u00e7ok alana yay\u0131lmaktad\u0131r. T.C. Sanayi ve Teknoloji Bakanl\u0131\u011f\u0131 2023 Sanayi ve Teknoloji Stratejisi\u2019nin Milli Teknoloji Hamlesi \u0130\u00e7in Toplumsal Seferberlik<a href=\"#_ftn1\">[1]<\/a> b\u00f6l\u00fcm\u00fcnde belirtildi\u011fi \u00fczere yerli, milli ve \u00f6zg\u00fcn olma \u015fu \u015fekilde a\u00e7\u0131klanmaktad\u0131r:<\/p>\n\n\n\n<blockquote class=\"wp-block-quote is-layout-flow wp-block-quote-is-layout-flow\"><p><em>\u201c<strong>Yerli<\/strong> kavram\u0131 co\u011frafi olarak bir b\u00f6lgeye ait olan\u0131 ifade etmektedir. T\u00fcrkiye\u2019de yerli imalat dendi\u011finde, imalat i\u00e7in gereken hammadde, yar\u0131 mamul, i\u015f\u00e7ilik gibi unsurlardan baz\u0131lar\u0131n\u0131n \u00fclkemizden tedarik edildi\u011fi imalat d\u00fc\u015f\u00fcn\u00fclmekte, \u00fclkemizde ger\u00e7ekle\u015fen bu imalattan \u00e7\u0131kan \u00fcr\u00fcn de yerli mal\u0131 olarak adland\u0131r\u0131lmaktad\u0131r.<\/em><\/p><p><strong><em>Milli<\/em><\/strong><em> kavram\u0131 ise bir ulusa ait olan\u0131 ifade etmektedir. \u00d6rne\u011fin, milli muharip u\u00e7ak imalat\u0131, \u00fcretiminde ithal girdileri olsa da, fikri ve s\u0131nai m\u00fclkiyet haklar\u0131, y\u00f6netimi, karar mekanizmalar\u0131 ve sermayesi bize ait oldu\u011fundan, kendi ulusal menfaatlerimiz do\u011frultusunda karar alarak y\u00fcr\u00fctt\u00fc\u011f\u00fcm\u00fcz milli bir \u00fcretim olacak, \u00fcretilen u\u00e7ak da milli u\u00e7a\u011f\u0131m\u0131z olacakt\u0131r.<\/em><\/p><p><strong><em>\u00d6zg\u00fcnl\u00fck<\/em><\/strong><em> ise; fikri de\u011fer i\u00e7eren bir sanat eseri, akademik \u00e7al\u0131\u015fma, bulu\u015f veya \u00fcr\u00fcn\u00fcn ba\u015fka fikri \u00e7\u0131kt\u0131lar\u0131 do\u011frudan i\u00e7ermemesi, bunlar\u0131n kendine has fikri de\u011feri olmas\u0131n\u0131 ifade etmektedir. Sanayi ve teknolojide \u00f6zg\u00fcnl\u00fck, tasar\u0131mdan \u00fcr\u00fcn veya hizmetin ortaya \u00e7\u0131k\u0131\u015f\u0131na kadar olan fikri geli\u015fimin, geli\u015ftiricileri taraf\u0131ndan benzer veya muadillerinden etkilenmeden ortaya kondu\u011fu durumu ifade etmektedir.\u201d<\/em><\/p><\/blockquote>\n\n\n\n<p>\u00dclkemizde bili\u015fim alan\u0131ndaki yenilik ve geli\u015fmeleri yak\u0131ndan takip eden ve bili\u015fim k\u00fclt\u00fcr\u00fcn\u00fcn yay\u0131lmas\u0131nda \u00f6nc\u00fcl\u00fck eden T\u00fcrkiye Bili\u015fim Derne\u011fi (TBD) 50. Y\u0131l Etkinlikleri kapsam\u0131nda TBD \u0130stanbul Bili\u015fim Y\u0131ld\u0131zlar\u0131 \u201cYerli ve Milli \/ \u00d6zg\u00fcn Proje Yar\u0131\u015fmas\u0131\u201d temas\u0131yla d\u00fczenlemektedir. Yar\u0131\u015fma; \u00f6zel sekt\u00f6r, Ar-Ge merkezi olan \u00f6zel sekt\u00f6r firmalar\u0131, \u00fcniversite, teknopark, teknokent \u015firketleri, Sivil Toplum Kurulu\u015flar\u0131 (STK) ve yerel y\u00f6netimlerden gelecek ger\u00e7ekle\u015ftirilmi\u015f yerli ve milli \/ \u00f6zg\u00fcn proje uygulamalar\u0131n\u0131 kapsamaktad\u0131r.<\/p>\n\n\n\n<p>Yar\u0131\u015fmalar iyi \u00f6rneklerin ortaya \u00e7\u0131kar\u0131lmas\u0131 ve daha iyi uygulamalar\u0131n geli\u015ftirilebilmesi i\u00e7in te\u015fvik edici ve \u00f6nemlidir. Bu nedenle; d\u00fczenlenen bu yar\u0131\u015fman\u0131n bili\u015fimde yerli ve milli \/ \u00f6zg\u00fcn \u00f6rneklerin ve kaliteli uygulamalar\u0131n geli\u015fimine, toplumda bili\u015fimde yerli ve milli \/ \u00f6zg\u00fcn uygulamalar konusunda fark\u0131ndal\u0131k yarat\u0131lmas\u0131na katk\u0131 sa\u011flayaca\u011f\u0131na inan\u0131lmaktad\u0131r. Verilecek \u00f6d\u00fcller maddi de\u011ferinden \u00e7ok kurum ya da ki\u015filerin iyi uygulamalar\u0131n\u0131 geni\u015f kitlelere tan\u0131tarak onlar\u0131 onurland\u0131racak ve sayg\u0131nl\u0131k kazand\u0131racak olmas\u0131 bak\u0131m\u0131ndan \u00f6nem ta\u015f\u0131yacakt\u0131r.<\/p>\n\n\n\n<h4 class=\"wp-block-heading\">AMA\u00c7<\/h4>\n\n\n\n<p>Yar\u0131\u015fman\u0131n amac\u0131; bili\u015fim alan\u0131nda yerli ve milli \/ \u00f6zg\u00fcn proje fikrine sahip Ar-Ge merkezi olan \u00f6zel sekt\u00f6r firmalar\u0131, \u00fcniversite, teknopark, teknokent \u015firketleri ve STK\u2019lar\u0131n ger\u00e7ekle\u015ftirmi\u015f olduklar\u0131 \u00f6rnek te\u015fkil edecek uygulamalar\u0131 ortaya \u00e7\u0131kararak geni\u015f kitlelere tan\u0131tmakt\u0131r. B\u00f6ylelikle, bili\u015fim sekt\u00f6r\u00fcnde daha \u00e7ok yerli ve milli \/ \u00f6zg\u00fcn proje fikirlerinin \u00fcretilmesini, ger\u00e7ekle\u015ftirilmesini ve kullan\u0131m\u0131n\u0131 \u00f6zendirmek ama\u00e7lanm\u0131\u015ft\u0131r. Yar\u0131\u015fman\u0131n hedefleri a\u015fa\u011f\u0131da s\u0131ralanm\u0131\u015ft\u0131r:<\/p>\n\n\n\n<ul class=\"wp-block-list\"><li>Bili\u015fim alan\u0131nda \u201cyerli ve milli \/ \u00f6zg\u00fcn\u201d uygulamalar konusunda en az 3 ba\u015fvuru sahibine \u00f6d\u00fcl\u00fcn\u00fc takdim etmek.<\/li><li>Yar\u0131\u015fma sonu\u00e7lar\u0131n\u0131n en az 1 y\u0131l web sitesinde kalmas\u0131n\u0131 sa\u011flayarak toplumda bili\u015fim alan\u0131nda \u201cyerli ve milli \/ \u00f6zg\u00fcn\u201d uygulamalar konusunda fark\u0131ndal\u0131k yaratmak.<\/li><li>Daha iyi uygulamalar\u0131n geli\u015ftirilmesini te\u015fvik etmek i\u00e7in en az 3 farkl\u0131 kategoride proje ba\u015fvurusu alabilmek ve finale en az 10 proje ba\u015fvurusunun kalmas\u0131n\u0131 sa\u011flamak.<\/li><\/ul>\n\n\n\n<h4 class=\"wp-block-heading\">KAPSAM<\/h4>\n\n\n\n<p>Ar-Ge merkezi olan \u00f6zel sekt\u00f6r firmalar\u0131, \u00fcniversite, teknopark, teknokent \u015firketleri ve STK\u2019lar\u0131n bili\u015fim alan\u0131nda ger\u00e7ekle\u015ftirmi\u015f oldu\u011fu yerli ve milli \/ \u00f6zg\u00fcn proje uygulamalar\u0131 aras\u0131ndaki iyi \u00f6rnekler hakk\u0131nda bilgi vermek, bu \u00f6rnekleri \u00f6ne \u00e7\u0131karmak ve bili\u015fimde yerli ve milli \/ \u00f6zg\u00fcn uygulamalar konusunda toplumda fark\u0131ndal\u0131k yarat\u0131lmas\u0131na katk\u0131 sa\u011flamak i\u00e7in yap\u0131lacak \u00e7al\u0131\u015fmalar\u0131 d\u00fczenleyip y\u00fcr\u00fct\u00fclmesiyle ilgili esaslar\u0131 kapsar.<\/p>\n\n\n\n<hr class=\"wp-block-separator\"\/>\n\n\n\n<p>[1] T.C. Sanayi ve Teknoloji Bakanl\u0131\u011f\u0131 (2019). 2023 Sanayi ve Teknoloji Stratejisi, Milli Teknoloji Hamlesi \u0130\u00e7in Toplumsal Seferberlik. 01.03.2021 tarihinde <a href=\"https:\/\/www.sanayi.gov.tr\/2023-sanayi-ve-teknoloji-stratejisi\" target=\"_blank\" rel=\"noreferrer noopener\">https:\/\/www.sanayi.gov.tr\/2023-sanayi-ve-teknoloji-stratejisi<\/a> adresinden eri\u015fildi.<\/p>\n","protected":false},"excerpt":{"rendered":"<p>Bili\u015fim Y\u0131ld\u0131zlar\u0131 e-D\u00f6n\u00fc\u015f\u00fcm Yar\u0131\u015fmas\u0131, internet \u00fczerinde d\u00f6n\u00fc\u015f\u00fcm sa\u011flam\u0131\u015f veya i\u015f yap\u0131s\u0131n\u0131 \u0130nternet ortam\u0131na ta\u015f\u0131m\u0131\u015f farkl\u0131 web projelerinin daha iyi tan\u0131t\u0131lmas\u0131 ve e-d\u00f6n\u00fc\u015f\u00fcme olan ilginin artmas\u0131n\u0131 sa\u011flamak amac\u0131yla TBD \u0130stanbul \u015eubesi taraf\u0131ndan ger\u00e7ekle\u015ftirilen ba\u011f\u0131ms\u0131z bir organizasyon ve sekt\u00f6r\u00fcn en prestijli yar\u0131\u015fmalar\u0131ndan biridir. Bili\u015fim Y\u0131ld\u0131zlar\u0131 e-D\u00f6n\u00fc\u015f\u00fcm Yar\u0131\u015fmas\u0131 ilk kez 2009 y\u0131l\u0131nda, T\u00fcrkiye Bili\u015fim Derne\u011fi (TBD) deste\u011fi ile &hellip; <\/p>\n","protected":false},"author":3,"featured_media":41,"parent":0,"menu_order":0,"comment_status":"closed","ping_status":"closed","template":"","meta":{"footnotes":""},"class_list":["post-176","page","type-page","status-publish","has-post-thumbnail","hentry"],"yoast_head":"<!-- This site is optimized with the Yoast SEO plugin v27.6 - https:\/\/yoast.com\/product\/yoast-seo-wordpress\/ -->\n<title>Hakk\u0131nda - Bili\u015fim Y\u0131ld\u0131zlar\u0131 2021<\/title>\n<meta name=\"robots\" content=\"index, follow, max-snippet:-1, max-image-preview:large, max-video-preview:-1\" \/>\n<link rel=\"canonical\" href=\"https:\/\/bilisimyildizlari.org.tr\/2021\/hakkinda\" \/>\n<meta property=\"og:locale\" content=\"tr_TR\" \/>\n<meta property=\"og:type\" content=\"article\" \/>\n<meta property=\"og:title\" content=\"Hakk\u0131nda - Bili\u015fim Y\u0131ld\u0131zlar\u0131 2021\" \/>\n<meta property=\"og:description\" content=\"Bili\u015fim Y\u0131ld\u0131zlar\u0131 e-D\u00f6n\u00fc\u015f\u00fcm Yar\u0131\u015fmas\u0131, internet \u00fczerinde d\u00f6n\u00fc\u015f\u00fcm sa\u011flam\u0131\u015f veya i\u015f yap\u0131s\u0131n\u0131 \u0130nternet ortam\u0131na ta\u015f\u0131m\u0131\u015f farkl\u0131 web projelerinin daha iyi tan\u0131t\u0131lmas\u0131 ve e-d\u00f6n\u00fc\u015f\u00fcme olan ilginin artmas\u0131n\u0131 sa\u011flamak amac\u0131yla TBD \u0130stanbul \u015eubesi taraf\u0131ndan ger\u00e7ekle\u015ftirilen ba\u011f\u0131ms\u0131z bir organizasyon ve sekt\u00f6r\u00fcn en prestijli yar\u0131\u015fmalar\u0131ndan biridir. Bili\u015fim Y\u0131ld\u0131zlar\u0131 e-D\u00f6n\u00fc\u015f\u00fcm Yar\u0131\u015fmas\u0131 ilk kez 2009 y\u0131l\u0131nda, T\u00fcrkiye Bili\u015fim Derne\u011fi (TBD) deste\u011fi ile &hellip;\" \/>\n<meta property=\"og:url\" content=\"https:\/\/bilisimyildizlari.org.tr\/2021\/hakkinda\" \/>\n<meta property=\"og:site_name\" content=\"Bili\u015fim Y\u0131ld\u0131zlar\u0131 2021\" \/>\n<meta property=\"article:modified_time\" content=\"2021-05-18T11:32:57+00:00\" \/>\n<meta property=\"og:image\" content=\"https:\/\/bilisimyildizlari.org.tr\/2021\/wp-content\/uploads\/sites\/2\/2018\/10\/group-people-workshop-crowd-meeting-audience-489447-pxhere.com-1.jpg\" \/>\n\t<meta property=\"og:image:width\" content=\"1920\" \/>\n\t<meta property=\"og:image:height\" content=\"1440\" \/>\n\t<meta property=\"og:image:type\" content=\"image\/jpeg\" \/>\n<meta name=\"twitter:card\" content=\"summary_large_image\" \/>\n<meta name=\"twitter:label1\" content=\"Tahmini okuma s\u00fcresi\" \/>\n\t<meta name=\"twitter:data1\" content=\"4 dakika\" \/>\n<script type=\"application\/ld+json\" class=\"yoast-schema-graph\">{\"@context\":\"https:\\\/\\\/schema.org\",\"@graph\":[{\"@type\":\"WebPage\",\"@id\":\"https:\\\/\\\/bilisimyildizlari.org.tr\\\/2021\\\/hakkinda\",\"url\":\"https:\\\/\\\/bilisimyildizlari.org.tr\\\/2021\\\/hakkinda\",\"name\":\"Hakk\u0131nda - Bili\u015fim Y\u0131ld\u0131zlar\u0131 2021\",\"isPartOf\":{\"@id\":\"https:\\\/\\\/bilisimyildizlari.org.tr\\\/2021\\\/#website\"},\"primaryImageOfPage\":{\"@id\":\"https:\\\/\\\/bilisimyildizlari.org.tr\\\/2021\\\/hakkinda#primaryimage\"},\"image\":{\"@id\":\"https:\\\/\\\/bilisimyildizlari.org.tr\\\/2021\\\/hakkinda#primaryimage\"},\"thumbnailUrl\":\"https:\\\/\\\/bilisimyildizlari.org.tr\\\/2021\\\/wp-content\\\/uploads\\\/sites\\\/2\\\/2018\\\/10\\\/group-people-workshop-crowd-meeting-audience-489447-pxhere.com-1.jpg\",\"datePublished\":\"2018-10-05T05:51:21+00:00\",\"dateModified\":\"2021-05-18T11:32:57+00:00\",\"breadcrumb\":{\"@id\":\"https:\\\/\\\/bilisimyildizlari.org.tr\\\/2021\\\/hakkinda#breadcrumb\"},\"inLanguage\":\"tr\",\"potentialAction\":[{\"@type\":\"ReadAction\",\"target\":[\"https:\\\/\\\/bilisimyildizlari.org.tr\\\/2021\\\/hakkinda\"]}]},{\"@type\":\"ImageObject\",\"inLanguage\":\"tr\",\"@id\":\"https:\\\/\\\/bilisimyildizlari.org.tr\\\/2021\\\/hakkinda#primaryimage\",\"url\":\"https:\\\/\\\/bilisimyildizlari.org.tr\\\/2021\\\/wp-content\\\/uploads\\\/sites\\\/2\\\/2018\\\/10\\\/group-people-workshop-crowd-meeting-audience-489447-pxhere.com-1.jpg\",\"contentUrl\":\"https:\\\/\\\/bilisimyildizlari.org.tr\\\/2021\\\/wp-content\\\/uploads\\\/sites\\\/2\\\/2018\\\/10\\\/group-people-workshop-crowd-meeting-audience-489447-pxhere.com-1.jpg\",\"width\":1920,\"height\":1440},{\"@type\":\"BreadcrumbList\",\"@id\":\"https:\\\/\\\/bilisimyildizlari.org.tr\\\/2021\\\/hakkinda#breadcrumb\",\"itemListElement\":[{\"@type\":\"ListItem\",\"position\":1,\"name\":\"Anasayfa\",\"item\":\"https:\\\/\\\/bilisimyildizlari.org.tr\\\/2021\\\/\"},{\"@type\":\"ListItem\",\"position\":2,\"name\":\"Hakk\u0131nda\"}]},{\"@type\":\"WebSite\",\"@id\":\"https:\\\/\\\/bilisimyildizlari.org.tr\\\/2021\\\/#website\",\"url\":\"https:\\\/\\\/bilisimyildizlari.org.tr\\\/2021\\\/\",\"name\":\"Bili\u015fim Y\u0131ld\u0131zlar\u0131 2021\",\"description\":\"TBD \u0130stanbul Bili\u015fim Y\u0131ld\u0131zlar\u0131 Yar\u0131\u015fmas\u0131\",\"publisher\":{\"@id\":\"https:\\\/\\\/bilisimyildizlari.org.tr\\\/2021\\\/#organization\"},\"potentialAction\":[{\"@type\":\"SearchAction\",\"target\":{\"@type\":\"EntryPoint\",\"urlTemplate\":\"https:\\\/\\\/bilisimyildizlari.org.tr\\\/2021\\\/?s={search_term_string}\"},\"query-input\":{\"@type\":\"PropertyValueSpecification\",\"valueRequired\":true,\"valueName\":\"search_term_string\"}}],\"inLanguage\":\"tr\"},{\"@type\":\"Organization\",\"@id\":\"https:\\\/\\\/bilisimyildizlari.org.tr\\\/2021\\\/#organization\",\"name\":\"Bili\u015fim Y\u0131ld\u0131zlar\u0131 2021\",\"url\":\"https:\\\/\\\/bilisimyildizlari.org.tr\\\/2021\\\/\",\"logo\":{\"@type\":\"ImageObject\",\"inLanguage\":\"tr\",\"@id\":\"https:\\\/\\\/bilisimyildizlari.org.tr\\\/2021\\\/#\\\/schema\\\/logo\\\/image\\\/\",\"url\":\"https:\\\/\\\/bilisimyildizlari.org.tr\\\/2021\\\/wp-content\\\/uploads\\\/sites\\\/2\\\/2021\\\/03\\\/TBD-50.-Yil-Logo-200px.png\",\"contentUrl\":\"https:\\\/\\\/bilisimyildizlari.org.tr\\\/2021\\\/wp-content\\\/uploads\\\/sites\\\/2\\\/2021\\\/03\\\/TBD-50.-Yil-Logo-200px.png\",\"width\":200,\"height\":136,\"caption\":\"Bili\u015fim Y\u0131ld\u0131zlar\u0131 2021\"},\"image\":{\"@id\":\"https:\\\/\\\/bilisimyildizlari.org.tr\\\/2021\\\/#\\\/schema\\\/logo\\\/image\\\/\"}}]}<\/script>\n<!-- \/ Yoast SEO plugin. -->","yoast_head_json":{"title":"Hakk\u0131nda - Bili\u015fim Y\u0131ld\u0131zlar\u0131 2021","robots":{"index":"index","follow":"follow","max-snippet":"max-snippet:-1","max-image-preview":"max-image-preview:large","max-video-preview":"max-video-preview:-1"},"canonical":"https:\/\/bilisimyildizlari.org.tr\/2021\/hakkinda","og_locale":"tr_TR","og_type":"article","og_title":"Hakk\u0131nda - Bili\u015fim Y\u0131ld\u0131zlar\u0131 2021","og_description":"Bili\u015fim Y\u0131ld\u0131zlar\u0131 e-D\u00f6n\u00fc\u015f\u00fcm Yar\u0131\u015fmas\u0131, internet \u00fczerinde d\u00f6n\u00fc\u015f\u00fcm sa\u011flam\u0131\u015f veya i\u015f yap\u0131s\u0131n\u0131 \u0130nternet ortam\u0131na ta\u015f\u0131m\u0131\u015f farkl\u0131 web projelerinin daha iyi tan\u0131t\u0131lmas\u0131 ve e-d\u00f6n\u00fc\u015f\u00fcme olan ilginin artmas\u0131n\u0131 sa\u011flamak amac\u0131yla TBD \u0130stanbul \u015eubesi taraf\u0131ndan ger\u00e7ekle\u015ftirilen ba\u011f\u0131ms\u0131z bir organizasyon ve sekt\u00f6r\u00fcn en prestijli yar\u0131\u015fmalar\u0131ndan biridir. Bili\u015fim Y\u0131ld\u0131zlar\u0131 e-D\u00f6n\u00fc\u015f\u00fcm Yar\u0131\u015fmas\u0131 ilk kez 2009 y\u0131l\u0131nda, T\u00fcrkiye Bili\u015fim Derne\u011fi (TBD) deste\u011fi ile &hellip;","og_url":"https:\/\/bilisimyildizlari.org.tr\/2021\/hakkinda","og_site_name":"Bili\u015fim Y\u0131ld\u0131zlar\u0131 2021","article_modified_time":"2021-05-18T11:32:57+00:00","og_image":[{"width":1920,"height":1440,"url":"https:\/\/bilisimyildizlari.org.tr\/2021\/wp-content\/uploads\/sites\/2\/2018\/10\/group-people-workshop-crowd-meeting-audience-489447-pxhere.com-1.jpg","type":"image\/jpeg"}],"twitter_card":"summary_large_image","twitter_misc":{"Tahmini okuma s\u00fcresi":"4 dakika"},"schema":{"@context":"https:\/\/schema.org","@graph":[{"@type":"WebPage","@id":"https:\/\/bilisimyildizlari.org.tr\/2021\/hakkinda","url":"https:\/\/bilisimyildizlari.org.tr\/2021\/hakkinda","name":"Hakk\u0131nda - Bili\u015fim Y\u0131ld\u0131zlar\u0131 2021","isPartOf":{"@id":"https:\/\/bilisimyildizlari.org.tr\/2021\/#website"},"primaryImageOfPage":{"@id":"https:\/\/bilisimyildizlari.org.tr\/2021\/hakkinda#primaryimage"},"image":{"@id":"https:\/\/bilisimyildizlari.org.tr\/2021\/hakkinda#primaryimage"},"thumbnailUrl":"https:\/\/bilisimyildizlari.org.tr\/2021\/wp-content\/uploads\/sites\/2\/2018\/10\/group-people-workshop-crowd-meeting-audience-489447-pxhere.com-1.jpg","datePublished":"2018-10-05T05:51:21+00:00","dateModified":"2021-05-18T11:32:57+00:00","breadcrumb":{"@id":"https:\/\/bilisimyildizlari.org.tr\/2021\/hakkinda#breadcrumb"},"inLanguage":"tr","potentialAction":[{"@type":"ReadAction","target":["https:\/\/bilisimyildizlari.org.tr\/2021\/hakkinda"]}]},{"@type":"ImageObject","inLanguage":"tr","@id":"https:\/\/bilisimyildizlari.org.tr\/2021\/hakkinda#primaryimage","url":"https:\/\/bilisimyildizlari.org.tr\/2021\/wp-content\/uploads\/sites\/2\/2018\/10\/group-people-workshop-crowd-meeting-audience-489447-pxhere.com-1.jpg","contentUrl":"https:\/\/bilisimyildizlari.org.tr\/2021\/wp-content\/uploads\/sites\/2\/2018\/10\/group-people-workshop-crowd-meeting-audience-489447-pxhere.com-1.jpg","width":1920,"height":1440},{"@type":"BreadcrumbList","@id":"https:\/\/bilisimyildizlari.org.tr\/2021\/hakkinda#breadcrumb","itemListElement":[{"@type":"ListItem","position":1,"name":"Anasayfa","item":"https:\/\/bilisimyildizlari.org.tr\/2021\/"},{"@type":"ListItem","position":2,"name":"Hakk\u0131nda"}]},{"@type":"WebSite","@id":"https:\/\/bilisimyildizlari.org.tr\/2021\/#website","url":"https:\/\/bilisimyildizlari.org.tr\/2021\/","name":"Bili\u015fim Y\u0131ld\u0131zlar\u0131 2021","description":"TBD \u0130stanbul Bili\u015fim Y\u0131ld\u0131zlar\u0131 Yar\u0131\u015fmas\u0131","publisher":{"@id":"https:\/\/bilisimyildizlari.org.tr\/2021\/#organization"},"potentialAction":[{"@type":"SearchAction","target":{"@type":"EntryPoint","urlTemplate":"https:\/\/bilisimyildizlari.org.tr\/2021\/?s={search_term_string}"},"query-input":{"@type":"PropertyValueSpecification","valueRequired":true,"valueName":"search_term_string"}}],"inLanguage":"tr"},{"@type":"Organization","@id":"https:\/\/bilisimyildizlari.org.tr\/2021\/#organization","name":"Bili\u015fim Y\u0131ld\u0131zlar\u0131 2021","url":"https:\/\/bilisimyildizlari.org.tr\/2021\/","logo":{"@type":"ImageObject","inLanguage":"tr","@id":"https:\/\/bilisimyildizlari.org.tr\/2021\/#\/schema\/logo\/image\/","url":"https:\/\/bilisimyildizlari.org.tr\/2021\/wp-content\/uploads\/sites\/2\/2021\/03\/TBD-50.-Yil-Logo-200px.png","contentUrl":"https:\/\/bilisimyildizlari.org.tr\/2021\/wp-content\/uploads\/sites\/2\/2021\/03\/TBD-50.-Yil-Logo-200px.png","width":200,"height":136,"caption":"Bili\u015fim Y\u0131ld\u0131zlar\u0131 2021"},"image":{"@id":"https:\/\/bilisimyildizlari.org.tr\/2021\/#\/schema\/logo\/image\/"}}]}},"_links":{"self":[{"href":"https:\/\/bilisimyildizlari.org.tr\/2021\/wp-json\/wp\/v2\/pages\/176","targetHints":{"allow":["GET"]}}],"collection":[{"href":"https:\/\/bilisimyildizlari.org.tr\/2021\/wp-json\/wp\/v2\/pages"}],"about":[{"href":"https:\/\/bilisimyildizlari.org.tr\/2021\/wp-json\/wp\/v2\/types\/page"}],"author":[{"embeddable":true,"href":"https:\/\/bilisimyildizlari.org.tr\/2021\/wp-json\/wp\/v2\/users\/3"}],"replies":[{"embeddable":true,"href":"https:\/\/bilisimyildizlari.org.tr\/2021\/wp-json\/wp\/v2\/comments?post=176"}],"version-history":[{"count":0,"href":"https:\/\/bilisimyildizlari.org.tr\/2021\/wp-json\/wp\/v2\/pages\/176\/revisions"}],"wp:featuredmedia":[{"embeddable":true,"href":"https:\/\/bilisimyildizlari.org.tr\/2021\/wp-json\/wp\/v2\/media\/41"}],"wp:attachment":[{"href":"https:\/\/bilisimyildizlari.org.tr\/2021\/wp-json\/wp\/v2\/media?parent=176"}],"curies":[{"name":"wp","href":"https:\/\/api.w.org\/{rel}","templated":true}]}}