{"id":1480,"date":"2022-05-21T01:42:42","date_gmt":"2022-05-20T22:42:42","guid":{"rendered":"https:\/\/bilisimyildizlari.org.tr\/2022\/?page_id=1480"},"modified":"2022-06-14T15:35:25","modified_gmt":"2022-06-14T12:35:25","slug":"hakkinda","status":"publish","type":"page","link":"https:\/\/bilisimyildizlari.org.tr\/2022\/hakkinda","title":{"rendered":"Hakk\u0131nda"},"content":{"rendered":"\r\n<p><strong>Bili\u015fim Y\u0131ld\u0131zlar\u0131 2022 Hakk\u0131nda: <\/strong><strong>Bili\u015fim Y\u0131ld\u0131zlar\u0131 e-D\u00f6n\u00fc\u015f\u00fcm Yar\u0131\u015fmas\u0131,<\/strong> internet \u00fczerinde d\u00f6n\u00fc\u015f\u00fcm sa\u011flam\u0131\u015f veya i\u015f yap\u0131s\u0131n\u0131 dijital (say\u0131sal) ortama ta\u015f\u0131m\u0131\u015f, d\u00f6n\u00fc\u015ft\u00fcrm\u00fc\u015f farkl\u0131 web projelerinin daha iyi tan\u0131t\u0131lmas\u0131 ve e-d\u00f6n\u00fc\u015f\u00fcme olan ilginin artmas\u0131n\u0131 sa\u011flamak amac\u0131yla yap\u0131lmaktad\u0131r. TBD \u0130stanbul \u015eubesi taraf\u0131ndan ger\u00e7ekle\u015ftirilen ba\u011f\u0131ms\u0131z bir organizasyon ve sekt\u00f6r\u00fcn en prestijli yar\u0131\u015fmalar\u0131ndan biridir.<\/p>\r\n\r\n\r\n\r\n<p><strong>Bili\u015fim Y\u0131ld\u0131zlar\u0131 e-D\u00f6n\u00fc\u015f\u00fcm Yar\u0131\u015fmas\u0131 <\/strong>ilk kez 2009 y\u0131l\u0131nda hayata ge\u00e7irilmi\u015ftir. Profesyonel olarak g\u00f6rev alan sekt\u00f6r\u00fcn \u00f6nde gelen uzman ve tecr\u00fcbeli j\u00fcrilerinin \u00f6nderli\u011finde yap\u0131lmaktad\u0131r. Her sene T\u00fcrkiye\u2019de olu\u015fturulan ba\u015far\u0131l\u0131 internet e-d\u00f6n\u00fc\u015f\u00fcm, say\u0131sal (dijital) d\u00f6n\u00fc\u015f\u00fcm \u00e7al\u0131\u015fmalar\u0131n\u0131 de\u011ferlendirmeyi hedeflemektedir. Bug\u00fcne kadar ger\u00e7ekle\u015ftirilen yar\u0131\u015fmalarda j\u00fcri de\u011ferlendirmesinin yan\u0131 s\u0131ra halk oylamas\u0131 da de\u011ferlendirmeye kat\u0131lm\u0131\u015ft\u0131r. B\u00f6ylece, her seviyeden daha b\u00fcy\u00fck bir internet kullan\u0131c\u0131s\u0131n\u0131n etkinli\u011fe aktif olarak kat\u0131lmas\u0131 sa\u011flanm\u0131\u015ft\u0131r.<\/p>\r\n\r\n\r\n\r\n<p><strong>Bili\u015fim Y\u0131ld\u0131zlar\u0131 2022 \u201cYerli ve Milli\/\u00d6zg\u00fcn Proje Yar\u0131\u015fmas\u0131\u201d <\/strong>hakk\u0131nda \u015funu s\u00f6ylemek gerekir ki; bu yar\u0131\u015fma, \u00fclkemizde bili\u015fim alan\u0131ndaki yenilik ve geli\u015fmeleri yak\u0131ndan takip eden ve bili\u015fim k\u00fclt\u00fcr\u00fcn\u00fcn yay\u0131lmas\u0131nda \u00f6nc\u00fcl\u00fck eden <strong>T\u00fcrkiye Bili\u015fim Derne\u011fi (TBD) \u0130stanbul \u015eubesi taraf\u0131ndan d\u00fczenlemektedir.<\/strong> Bu y\u0131l Bili\u015fim Y\u0131ld\u0131zlar\u0131 Yar\u0131\u015fmas\u0131\u2019n\u0131n <strong>10. Y\u0131l\u0131 <\/strong>oldu\u011fundan \u00f6nemli bir yere sahiptir. Yar\u0131\u015fma; \u00f6zel sekt\u00f6r, Ar-Ge merkezi olan firmalar\u0131, \u00fcniversiteler, teknopark ve teknokent \u015firketleri, Sivil Toplum Kurulu\u015flar\u0131 (STK\u2019lar) ve yerel y\u00f6netimlerin b\u00fcnyesinde ger\u00e7ekle\u015ftirilmi\u015f yerli ve milli\/\u00f6zg\u00fcn proje uygulamalar\u0131n\u0131 ve proje fikirlerini kapsamaktad\u0131r.<\/p>\r\n<h3>KAVRAMLAR<\/h3>\r\n\r\n\r\n\r\n<p>\u00dclkemizde son y\u0131llarda \u00f6zellikle savunma sanayisiyle yerli, milli ve \u00f6zg\u00fcn \u00fcretim d\u00fc\u015f\u00fcncesi ivme kazanm\u0131\u015ft\u0131r. Bu d\u00fc\u015f\u00fcnce, otomotiv, e\u011fitim, sa\u011fl\u0131k, ileti\u015fim gibi pek \u00e7ok alana yay\u0131lmaktad\u0131r. T.C. Sanayi ve Teknoloji Bakanl\u0131\u011f\u0131 2023 Sanayi ve Teknoloji Stratejisi\u2019nin Milli Teknoloji Hamlesi \u0130\u00e7in Toplumsal Seferberlik<a href=\"#_ftn1\">[1]<\/a> b\u00f6l\u00fcm\u00fcnde belirtildi\u011fi \u00fczere yerli, milli ve \u00f6zg\u00fcn olma \u015fu \u015fekilde a\u00e7\u0131klanmaktad\u0131r:<\/p>\r\n\r\n\r\n\r\n<blockquote class=\"wp-block-quote is-layout-flow wp-block-quote-is-layout-flow\">\r\n<p><em>\u201c<strong>Yerli<\/strong> kavram\u0131 co\u011frafi olarak bir b\u00f6lgeye ait olan\u0131 ifade etmektedir. T\u00fcrkiye\u2019de yerli imalat dendi\u011finde; imalat i\u00e7in gereken hammadde, yar\u0131 mamul, i\u015f\u00e7ilik gibi unsurlardan baz\u0131lar\u0131n\u0131n \u00fclkemizden tedarik edildi\u011fi imalat d\u00fc\u015f\u00fcn\u00fclmektedir. \u00dclkemizde ger\u00e7ekle\u015fen bu imalattan \u00e7\u0131kan \u00fcr\u00fcn de yerli mal\u0131 olarak adland\u0131r\u0131lmaktad\u0131r.<\/em><\/p>\r\n<p><strong><em>Milli<\/em><\/strong><em> kavram\u0131 ise bir ulusa ait olan\u0131 ifade etmektedir. \u00d6rne\u011fin, milli muharip u\u00e7ak imalat\u0131, \u00fcretiminde ithal girdileri olsa da, fikri ve s\u0131nai m\u00fclkiyet haklar\u0131, y\u00f6netimi, karar mekanizmalar\u0131; ayr\u0131ca sermayesi bize ait oldu\u011fundan, kendi ulusal menfaatlerimiz do\u011frultusunda karar alarak y\u00fcr\u00fctt\u00fc\u011f\u00fcm\u00fcz milli bir \u00fcretim olacak, \u00fcretilen u\u00e7ak da milli u\u00e7a\u011f\u0131m\u0131z olacakt\u0131r.<\/em><\/p>\r\n<p><strong><em>\u00d6zg\u00fcnl\u00fck<\/em><\/strong><em> ise; fikri de\u011fer i\u00e7eren bir sanat eseri, akademik \u00e7al\u0131\u015fma, bulu\u015f veya \u00fcr\u00fcn\u00fcn ba\u015fka fikri \u00e7\u0131kt\u0131lar\u0131 do\u011frudan i\u00e7ermemesi; bunlar\u0131n kendine has fikri de\u011feri olmas\u0131n\u0131 ifade etmektedir. Sanayi ve teknolojide \u00f6zg\u00fcnl\u00fck; tasar\u0131mdan \u00fcr\u00fcn veya hizmetin ortaya \u00e7\u0131k\u0131\u015f\u0131na kadar olan fikri geli\u015fimin, geli\u015ftiricileri taraf\u0131ndan benzer veya muadillerinden etkilenmeden ortaya kondu\u011fu durumu ifade etmektedir.\u201d<\/em><\/p>\r\n<\/blockquote>\r\n<h3><img loading=\"lazy\" decoding=\"async\" class=\"aligncenter wp-image-971 size-large\" src=\"https:\/\/bilisimyildizlari.org.tr\/2022\/wp-content\/uploads\/sites\/6\/2021\/03\/Bilisim-Yildizlari-Toplu-Foto-03-1024x530.jpg\" alt=\"Bili\u015fim Y\u0131ld\u0131zlar\u0131 Hakk\u0131nda\" width=\"640\" height=\"331\" data-wp-editing=\"1\" srcset=\"https:\/\/bilisimyildizlari.org.tr\/2022\/wp-content\/uploads\/sites\/6\/2021\/03\/Bilisim-Yildizlari-Toplu-Foto-03-1024x530.jpg 1024w, https:\/\/bilisimyildizlari.org.tr\/2022\/wp-content\/uploads\/sites\/6\/2021\/03\/Bilisim-Yildizlari-Toplu-Foto-03-300x155.jpg 300w, https:\/\/bilisimyildizlari.org.tr\/2022\/wp-content\/uploads\/sites\/6\/2021\/03\/Bilisim-Yildizlari-Toplu-Foto-03-768x397.jpg 768w, https:\/\/bilisimyildizlari.org.tr\/2022\/wp-content\/uploads\/sites\/6\/2021\/03\/Bilisim-Yildizlari-Toplu-Foto-03.jpg 1100w\" sizes=\"auto, (max-width: 640px) 100vw, 640px\" \/><\/h3>\r\n<h3>YARI\u015eMA<\/h3>\r\n<p>T\u00fcrkiye Bili\u015fim Derne\u011fi (TBD), \u00fclkemizde bili\u015fim alan\u0131ndaki yenilik ve geli\u015fmeleri yak\u0131ndan takip eden bir kurumdur. Bili\u015fim k\u00fclt\u00fcr\u00fcn\u00fcn yay\u0131lmas\u0131nda \u00f6nc\u00fcl\u00fck etmektedir. Bu y\u0131l onuncusu d\u00fczenlenen, TBD \u0130stanbul Bili\u015fim Y\u0131ld\u0131zlar\u0131 Yar\u0131\u015fmas\u0131 \u201cYerli ve Milli \/ \u00d6zg\u00fcn Proje Yar\u0131\u015fmas\u0131\u201d temas\u0131yla d\u00fczenlenmektedir.<\/p>\r\n<p>Yar\u0131\u015fma; \u00f6zel sekt\u00f6r, Ar-Ge merkezi olan \u00f6zel sekt\u00f6r firmalar\u0131, \u00fcniversite, teknopark, teknokent \u015firketleri, Sivil Toplum Kurulu\u015flar\u0131 (STK) ve yerel y\u00f6netimlerden gelecek ger\u00e7ekle\u015ftirilmi\u015f yerli ve milli\/\u00f6zg\u00fcn proje uygulamalar\u0131n\u0131 kapsamaktad\u0131r.<\/p>\r\n\r\n\r\n\r\n<p>Yar\u0131\u015fmalar iyi \u00f6rneklerin ortaya \u00e7\u0131kar\u0131lmas\u0131 ve daha iyi uygulamalar\u0131n geli\u015ftirilebilmesi i\u00e7in te\u015fvik edici ve \u00f6nemlidir. Bu nedenle; d\u00fczenlenen bu yar\u0131\u015fman\u0131n <strong>bili\u015fimde <\/strong>yerli ve milli\/\u00f6zg\u00fcn \u00f6rneklerin ve kaliteli uygulamalar\u0131n geli\u015fimine; ayr\u0131ca toplumda bili\u015fimde yerli ve milli\/\u00f6zg\u00fcn uygulamalar konusunda fark\u0131ndal\u0131k yarat\u0131lmas\u0131na katk\u0131 sa\u011flayaca\u011f\u0131na inan\u0131lmaktad\u0131r. Verilecek \u00f6d\u00fcller maddi de\u011ferinden \u00e7ok kurum ya da ki\u015filerin iyi uygulamalar\u0131n\u0131 geni\u015f kitlelere tan\u0131tacakt\u0131r. Onlar\u0131 onurland\u0131racak ve sayg\u0131nl\u0131k kazand\u0131racak olmas\u0131 bak\u0131m\u0131ndan \u00f6nem ta\u015f\u0131yacakt\u0131r.<\/p>\r\n\r\n\r\n\r\n<h3 class=\"wp-block-heading\">AMA\u00c7<\/h3>\r\n\r\n\r\n\r\n<p>Yar\u0131\u015fman\u0131n amac\u0131; bili\u015fim alan\u0131nda yerli ve milli\/\u00f6zg\u00fcn proje fikrine sahip \u00f6zel sekt\u00f6r, Ar-Ge merkezi olan firmalar, \u00fcniversiteler, teknopark ve teknokent \u015firketleri, STK\u2019lar ve yerel y\u00f6netimler taraf\u0131ndan ger\u00e7ekle\u015ftirmi\u015f olan \u00f6rnek te\u015fkil edecek uygulamalar\u0131 ve proje fikirlerini ortaya \u00e7\u0131kararak geni\u015f kitlelere tan\u0131tmakt\u0131r. B\u00f6ylece, bili\u015fim sekt\u00f6r\u00fcnde daha \u00e7ok yerli ve milli\/\u00f6zg\u00fcn proje fikirlerinin \u00fcretilmesini, ger\u00e7ekle\u015ftirilmesini ve kullan\u0131m\u0131n\u0131 \u00f6zendirmek ama\u00e7lanm\u0131\u015ft\u0131r. Yar\u0131\u015fman\u0131n hedefleri a\u015fa\u011f\u0131da s\u0131ralanm\u0131\u015ft\u0131r:<\/p>\r\n\r\n\r\n\r\n<ul class=\"wp-block-list\">\r\n<li>Bili\u015fim alan\u0131nda \u201cyerli ve milli\/\u00f6zg\u00fcn\u201d uygulamalar konusunda j\u00fcri de\u011ferlendirmesine al\u0131n\u0131r. Bu de\u011ferlendirme sonucunda ba\u015far\u0131l\u0131 olan en az 3 ba\u015fvuru sahibine derece \u00f6d\u00fcl\u00fc verilir. Ayr\u0131ca kategorilere g\u00f6re mansiyon \u00f6d\u00fcl\u00fc takdim etmek.<\/li>\r\n<li>Yar\u0131\u015fma sonu\u00e7lar\u0131n\u0131n en az 1 y\u0131l internet sitesinde kalmas\u0131n\u0131 sa\u011flamak; toplumda bili\u015fim alan\u0131nda \u201cyerli ve milli\/\u00f6zg\u00fcn\u201d uygulamalar konusunda fark\u0131ndal\u0131k yaratmak.<\/li>\r\n<li>Daha iyi proje ve uygulamalar\u0131n geli\u015ftirilmesini te\u015fvik etmek i\u00e7in, en az 3 farkl\u0131 kategoride ba\u015fvuru alabilmek; bununla birlikte finale en az 10 proje ba\u015fvurusunun kalmas\u0131n\u0131 sa\u011flamak.<\/li>\r\n<\/ul>\r\n\r\n\r\n\r\n<h3 class=\"wp-block-heading\">KAPSAM<\/h3>\r\n\r\n\r\n\r\n<ul>\r\n<li>\u00d6zel sekt\u00f6r, Ar-Ge merkezi olan firmalar, \u00fcniversiteler, teknopark ve teknokent \u015firketleri; ayr\u0131ca STK\u2019lar ve yerel y\u00f6netimler taraf\u0131ndan bili\u015fim alan\u0131nda ger\u00e7ekle\u015ftirmi\u015f olan;\u00a0 yerli ve milli\/\u00f6zg\u00fcn proje uygulamalar\u0131 ve fikirleri aras\u0131ndaki iyi \u00f6rnekler hakk\u0131nda bilgi vermek<\/li>\r\n<li>Bu \u00f6rnekleri \u00f6ne \u00e7\u0131karmak<\/li>\r\n<li>Bili\u015fimde yerli ve milli\/\u00f6zg\u00fcn uygulamalar konusunda toplumda fark\u0131ndal\u0131k yarat\u0131lmas\u0131na katk\u0131 sa\u011flamak \u00fczere,<\/li>\r\n<\/ul>\r\n<p>yap\u0131lacak \u201cBili\u015fim Y\u0131ld\u0131zlar\u0131 Yar\u0131\u015fmas\u0131\u201dn\u0131n ve bu kapsamdaki \u00e7al\u0131\u015fmalar\u0131n d\u00fczenlenip y\u00fcr\u00fct\u00fclmesiyle ilgili esaslar\u0131 kapsar.<\/p>\r\n\r\n\r\n<hr class=\"wp-block-separator\" \/>\r\n\r\n\r\n<p>[1] T.C. Sanayi ve Teknoloji Bakanl\u0131\u011f\u0131 (2019). 2023 Sanayi ve Teknoloji Stratejisi, Milli Teknoloji Hamlesi \u0130\u00e7in Toplumsal Seferberlik. 01.03.2021 tarihinde <a href=\"https:\/\/www.sanayi.gov.tr\/2023-sanayi-ve-teknoloji-stratejisi\" target=\"_blank\" rel=\"noreferrer noopener\">https:\/\/www.sanayi.gov.tr\/2023-sanayi-ve-teknoloji-stratejisi<\/a> adresinden eri\u015fildi.<\/p>\r\n","protected":false},"excerpt":{"rendered":"<p>Bili\u015fim Y\u0131ld\u0131zlar\u0131 2022 Hakk\u0131nda: Bili\u015fim Y\u0131ld\u0131zlar\u0131 e-D\u00f6n\u00fc\u015f\u00fcm Yar\u0131\u015fmas\u0131, internet \u00fczerinde d\u00f6n\u00fc\u015f\u00fcm sa\u011flam\u0131\u015f veya i\u015f yap\u0131s\u0131n\u0131 dijital (say\u0131sal) ortama ta\u015f\u0131m\u0131\u015f, d\u00f6n\u00fc\u015ft\u00fcrm\u00fc\u015f farkl\u0131 web projelerinin daha iyi tan\u0131t\u0131lmas\u0131 ve e-d\u00f6n\u00fc\u015f\u00fcme olan ilginin artmas\u0131n\u0131 sa\u011flamak amac\u0131yla yap\u0131lmaktad\u0131r. TBD \u0130stanbul \u015eubesi taraf\u0131ndan ger\u00e7ekle\u015ftirilen ba\u011f\u0131ms\u0131z bir organizasyon ve sekt\u00f6r\u00fcn en prestijli yar\u0131\u015fmalar\u0131ndan biridir. Bili\u015fim Y\u0131ld\u0131zlar\u0131 e-D\u00f6n\u00fc\u015f\u00fcm Yar\u0131\u015fmas\u0131 ilk kez 2009 &hellip; <\/p>\n","protected":false},"author":3,"featured_media":41,"parent":0,"menu_order":0,"comment_status":"closed","ping_status":"closed","template":"","meta":{"footnotes":""},"class_list":["post-1480","page","type-page","status-publish","has-post-thumbnail","hentry"],"yoast_head":"<!-- This site is optimized with the Yoast SEO plugin v27.3 - https:\/\/yoast.com\/product\/yoast-seo-wordpress\/ -->\n<title>Bili\u015fim Y\u0131ld\u0131zlar\u0131 2022 Hakk\u0131nda<\/title>\n<meta name=\"description\" content=\"Bili\u015fim Y\u0131ld\u0131zlar\u0131 2022 Hakk\u0131nda: TBD \u0130stanbul \u015eubesi taraf\u0131ndan ger\u00e7ekle\u015ftirilen sekt\u00f6r\u00fcn en prestijli yar\u0131\u015fmalar\u0131ndan biridir.\" \/>\n<meta name=\"robots\" content=\"index, follow, max-snippet:-1, max-image-preview:large, max-video-preview:-1\" \/>\n<link rel=\"canonical\" href=\"https:\/\/bilisimyildizlari.org.tr\/2022\/hakkinda\" \/>\n<meta property=\"og:locale\" content=\"tr_TR\" \/>\n<meta property=\"og:type\" content=\"article\" \/>\n<meta property=\"og:title\" content=\"Bili\u015fim Y\u0131ld\u0131zlar\u0131 2022 Hakk\u0131nda\" \/>\n<meta property=\"og:description\" content=\"Bili\u015fim Y\u0131ld\u0131zlar\u0131 2022 Hakk\u0131nda: TBD \u0130stanbul \u015eubesi taraf\u0131ndan ger\u00e7ekle\u015ftirilen sekt\u00f6r\u00fcn en prestijli yar\u0131\u015fmalar\u0131ndan biridir.\" \/>\n<meta property=\"og:url\" content=\"https:\/\/bilisimyildizlari.org.tr\/2022\/hakkinda\" \/>\n<meta property=\"og:site_name\" content=\"Bili\u015fim Y\u0131ld\u0131zlar\u0131 2022\" \/>\n<meta property=\"article:modified_time\" content=\"2022-06-14T12:35:25+00:00\" \/>\n<meta property=\"og:image\" content=\"https:\/\/bilisimyildizlari.org.tr\/2022\/wp-content\/uploads\/sites\/6\/2018\/10\/group-people-workshop-crowd-meeting-audience-489447-pxhere.com-1.jpg\" \/>\n\t<meta property=\"og:image:width\" content=\"1920\" \/>\n\t<meta property=\"og:image:height\" content=\"1440\" \/>\n\t<meta property=\"og:image:type\" content=\"image\/jpeg\" \/>\n<meta name=\"twitter:card\" content=\"summary_large_image\" \/>\n<meta name=\"twitter:label1\" content=\"Tahmini okuma s\u00fcresi\" \/>\n\t<meta name=\"twitter:data1\" content=\"5 dakika\" \/>\n<script type=\"application\/ld+json\" class=\"yoast-schema-graph\">{\"@context\":\"https:\\\/\\\/schema.org\",\"@graph\":[{\"@type\":\"WebPage\",\"@id\":\"https:\\\/\\\/bilisimyildizlari.org.tr\\\/2022\\\/hakkinda\",\"url\":\"https:\\\/\\\/bilisimyildizlari.org.tr\\\/2022\\\/hakkinda\",\"name\":\"Bili\u015fim Y\u0131ld\u0131zlar\u0131 2022 Hakk\u0131nda\",\"isPartOf\":{\"@id\":\"https:\\\/\\\/bilisimyildizlari.org.tr\\\/2022\\\/#website\"},\"primaryImageOfPage\":{\"@id\":\"https:\\\/\\\/bilisimyildizlari.org.tr\\\/2022\\\/hakkinda#primaryimage\"},\"image\":{\"@id\":\"https:\\\/\\\/bilisimyildizlari.org.tr\\\/2022\\\/hakkinda#primaryimage\"},\"thumbnailUrl\":\"https:\\\/\\\/bilisimyildizlari.org.tr\\\/2022\\\/wp-content\\\/uploads\\\/sites\\\/6\\\/2018\\\/10\\\/group-people-workshop-crowd-meeting-audience-489447-pxhere.com-1.jpg\",\"datePublished\":\"2022-05-20T22:42:42+00:00\",\"dateModified\":\"2022-06-14T12:35:25+00:00\",\"description\":\"Bili\u015fim Y\u0131ld\u0131zlar\u0131 2022 Hakk\u0131nda: TBD \u0130stanbul \u015eubesi taraf\u0131ndan ger\u00e7ekle\u015ftirilen sekt\u00f6r\u00fcn en prestijli yar\u0131\u015fmalar\u0131ndan biridir.\",\"breadcrumb\":{\"@id\":\"https:\\\/\\\/bilisimyildizlari.org.tr\\\/2022\\\/hakkinda#breadcrumb\"},\"inLanguage\":\"tr\",\"potentialAction\":[{\"@type\":\"ReadAction\",\"target\":[\"https:\\\/\\\/bilisimyildizlari.org.tr\\\/2022\\\/hakkinda\"]}]},{\"@type\":\"ImageObject\",\"inLanguage\":\"tr\",\"@id\":\"https:\\\/\\\/bilisimyildizlari.org.tr\\\/2022\\\/hakkinda#primaryimage\",\"url\":\"https:\\\/\\\/bilisimyildizlari.org.tr\\\/2022\\\/wp-content\\\/uploads\\\/sites\\\/6\\\/2018\\\/10\\\/group-people-workshop-crowd-meeting-audience-489447-pxhere.com-1.jpg\",\"contentUrl\":\"https:\\\/\\\/bilisimyildizlari.org.tr\\\/2022\\\/wp-content\\\/uploads\\\/sites\\\/6\\\/2018\\\/10\\\/group-people-workshop-crowd-meeting-audience-489447-pxhere.com-1.jpg\",\"width\":1920,\"height\":1440,\"caption\":\"hakkinda\"},{\"@type\":\"BreadcrumbList\",\"@id\":\"https:\\\/\\\/bilisimyildizlari.org.tr\\\/2022\\\/hakkinda#breadcrumb\",\"itemListElement\":[{\"@type\":\"ListItem\",\"position\":1,\"name\":\"Anasayfa\",\"item\":\"https:\\\/\\\/bilisimyildizlari.org.tr\\\/2022\\\/\"},{\"@type\":\"ListItem\",\"position\":2,\"name\":\"Hakk\u0131nda\"}]},{\"@type\":\"WebSite\",\"@id\":\"https:\\\/\\\/bilisimyildizlari.org.tr\\\/2022\\\/#website\",\"url\":\"https:\\\/\\\/bilisimyildizlari.org.tr\\\/2022\\\/\",\"name\":\"Bili\u015fim Y\u0131ld\u0131zlar\u0131 2022\",\"description\":\"TBD \u0130stanbul Bili\u015fim Y\u0131ld\u0131zlar\u0131 Yar\u0131\u015fmas\u0131\",\"publisher\":{\"@id\":\"https:\\\/\\\/bilisimyildizlari.org.tr\\\/2022\\\/#organization\"},\"potentialAction\":[{\"@type\":\"SearchAction\",\"target\":{\"@type\":\"EntryPoint\",\"urlTemplate\":\"https:\\\/\\\/bilisimyildizlari.org.tr\\\/2022\\\/?s={search_term_string}\"},\"query-input\":{\"@type\":\"PropertyValueSpecification\",\"valueRequired\":true,\"valueName\":\"search_term_string\"}}],\"inLanguage\":\"tr\"},{\"@type\":\"Organization\",\"@id\":\"https:\\\/\\\/bilisimyildizlari.org.tr\\\/2022\\\/#organization\",\"name\":\"Bili\u015fim Y\u0131ld\u0131zlar\u0131 2022\",\"url\":\"https:\\\/\\\/bilisimyildizlari.org.tr\\\/2022\\\/\",\"logo\":{\"@type\":\"ImageObject\",\"inLanguage\":\"tr\",\"@id\":\"https:\\\/\\\/bilisimyildizlari.org.tr\\\/2022\\\/#\\\/schema\\\/logo\\\/image\\\/\",\"url\":\"https:\\\/\\\/bilisimyildizlari.org.tr\\\/2022\\\/wp-content\\\/uploads\\\/sites\\\/6\\\/2022\\\/04\\\/TBD_ist_logo1.png\",\"contentUrl\":\"https:\\\/\\\/bilisimyildizlari.org.tr\\\/2022\\\/wp-content\\\/uploads\\\/sites\\\/6\\\/2022\\\/04\\\/TBD_ist_logo1.png\",\"width\":185,\"height\":80,\"caption\":\"Bili\u015fim Y\u0131ld\u0131zlar\u0131 2022\"},\"image\":{\"@id\":\"https:\\\/\\\/bilisimyildizlari.org.tr\\\/2022\\\/#\\\/schema\\\/logo\\\/image\\\/\"}}]}<\/script>\n<!-- \/ Yoast SEO plugin. -->","yoast_head_json":{"title":"Bili\u015fim Y\u0131ld\u0131zlar\u0131 2022 Hakk\u0131nda","description":"Bili\u015fim Y\u0131ld\u0131zlar\u0131 2022 Hakk\u0131nda: TBD \u0130stanbul \u015eubesi taraf\u0131ndan ger\u00e7ekle\u015ftirilen sekt\u00f6r\u00fcn en prestijli yar\u0131\u015fmalar\u0131ndan biridir.","robots":{"index":"index","follow":"follow","max-snippet":"max-snippet:-1","max-image-preview":"max-image-preview:large","max-video-preview":"max-video-preview:-1"},"canonical":"https:\/\/bilisimyildizlari.org.tr\/2022\/hakkinda","og_locale":"tr_TR","og_type":"article","og_title":"Bili\u015fim Y\u0131ld\u0131zlar\u0131 2022 Hakk\u0131nda","og_description":"Bili\u015fim Y\u0131ld\u0131zlar\u0131 2022 Hakk\u0131nda: TBD \u0130stanbul \u015eubesi taraf\u0131ndan ger\u00e7ekle\u015ftirilen sekt\u00f6r\u00fcn en prestijli yar\u0131\u015fmalar\u0131ndan biridir.","og_url":"https:\/\/bilisimyildizlari.org.tr\/2022\/hakkinda","og_site_name":"Bili\u015fim Y\u0131ld\u0131zlar\u0131 2022","article_modified_time":"2022-06-14T12:35:25+00:00","og_image":[{"width":1920,"height":1440,"url":"https:\/\/bilisimyildizlari.org.tr\/2022\/wp-content\/uploads\/sites\/6\/2018\/10\/group-people-workshop-crowd-meeting-audience-489447-pxhere.com-1.jpg","type":"image\/jpeg"}],"twitter_card":"summary_large_image","twitter_misc":{"Tahmini okuma s\u00fcresi":"5 dakika"},"schema":{"@context":"https:\/\/schema.org","@graph":[{"@type":"WebPage","@id":"https:\/\/bilisimyildizlari.org.tr\/2022\/hakkinda","url":"https:\/\/bilisimyildizlari.org.tr\/2022\/hakkinda","name":"Bili\u015fim Y\u0131ld\u0131zlar\u0131 2022 Hakk\u0131nda","isPartOf":{"@id":"https:\/\/bilisimyildizlari.org.tr\/2022\/#website"},"primaryImageOfPage":{"@id":"https:\/\/bilisimyildizlari.org.tr\/2022\/hakkinda#primaryimage"},"image":{"@id":"https:\/\/bilisimyildizlari.org.tr\/2022\/hakkinda#primaryimage"},"thumbnailUrl":"https:\/\/bilisimyildizlari.org.tr\/2022\/wp-content\/uploads\/sites\/6\/2018\/10\/group-people-workshop-crowd-meeting-audience-489447-pxhere.com-1.jpg","datePublished":"2022-05-20T22:42:42+00:00","dateModified":"2022-06-14T12:35:25+00:00","description":"Bili\u015fim Y\u0131ld\u0131zlar\u0131 2022 Hakk\u0131nda: TBD \u0130stanbul \u015eubesi taraf\u0131ndan ger\u00e7ekle\u015ftirilen sekt\u00f6r\u00fcn en prestijli yar\u0131\u015fmalar\u0131ndan biridir.","breadcrumb":{"@id":"https:\/\/bilisimyildizlari.org.tr\/2022\/hakkinda#breadcrumb"},"inLanguage":"tr","potentialAction":[{"@type":"ReadAction","target":["https:\/\/bilisimyildizlari.org.tr\/2022\/hakkinda"]}]},{"@type":"ImageObject","inLanguage":"tr","@id":"https:\/\/bilisimyildizlari.org.tr\/2022\/hakkinda#primaryimage","url":"https:\/\/bilisimyildizlari.org.tr\/2022\/wp-content\/uploads\/sites\/6\/2018\/10\/group-people-workshop-crowd-meeting-audience-489447-pxhere.com-1.jpg","contentUrl":"https:\/\/bilisimyildizlari.org.tr\/2022\/wp-content\/uploads\/sites\/6\/2018\/10\/group-people-workshop-crowd-meeting-audience-489447-pxhere.com-1.jpg","width":1920,"height":1440,"caption":"hakkinda"},{"@type":"BreadcrumbList","@id":"https:\/\/bilisimyildizlari.org.tr\/2022\/hakkinda#breadcrumb","itemListElement":[{"@type":"ListItem","position":1,"name":"Anasayfa","item":"https:\/\/bilisimyildizlari.org.tr\/2022\/"},{"@type":"ListItem","position":2,"name":"Hakk\u0131nda"}]},{"@type":"WebSite","@id":"https:\/\/bilisimyildizlari.org.tr\/2022\/#website","url":"https:\/\/bilisimyildizlari.org.tr\/2022\/","name":"Bili\u015fim Y\u0131ld\u0131zlar\u0131 2022","description":"TBD \u0130stanbul Bili\u015fim Y\u0131ld\u0131zlar\u0131 Yar\u0131\u015fmas\u0131","publisher":{"@id":"https:\/\/bilisimyildizlari.org.tr\/2022\/#organization"},"potentialAction":[{"@type":"SearchAction","target":{"@type":"EntryPoint","urlTemplate":"https:\/\/bilisimyildizlari.org.tr\/2022\/?s={search_term_string}"},"query-input":{"@type":"PropertyValueSpecification","valueRequired":true,"valueName":"search_term_string"}}],"inLanguage":"tr"},{"@type":"Organization","@id":"https:\/\/bilisimyildizlari.org.tr\/2022\/#organization","name":"Bili\u015fim Y\u0131ld\u0131zlar\u0131 2022","url":"https:\/\/bilisimyildizlari.org.tr\/2022\/","logo":{"@type":"ImageObject","inLanguage":"tr","@id":"https:\/\/bilisimyildizlari.org.tr\/2022\/#\/schema\/logo\/image\/","url":"https:\/\/bilisimyildizlari.org.tr\/2022\/wp-content\/uploads\/sites\/6\/2022\/04\/TBD_ist_logo1.png","contentUrl":"https:\/\/bilisimyildizlari.org.tr\/2022\/wp-content\/uploads\/sites\/6\/2022\/04\/TBD_ist_logo1.png","width":185,"height":80,"caption":"Bili\u015fim Y\u0131ld\u0131zlar\u0131 2022"},"image":{"@id":"https:\/\/bilisimyildizlari.org.tr\/2022\/#\/schema\/logo\/image\/"}}]}},"_links":{"self":[{"href":"https:\/\/bilisimyildizlari.org.tr\/2022\/wp-json\/wp\/v2\/pages\/1480","targetHints":{"allow":["GET"]}}],"collection":[{"href":"https:\/\/bilisimyildizlari.org.tr\/2022\/wp-json\/wp\/v2\/pages"}],"about":[{"href":"https:\/\/bilisimyildizlari.org.tr\/2022\/wp-json\/wp\/v2\/types\/page"}],"author":[{"embeddable":true,"href":"https:\/\/bilisimyildizlari.org.tr\/2022\/wp-json\/wp\/v2\/users\/3"}],"replies":[{"embeddable":true,"href":"https:\/\/bilisimyildizlari.org.tr\/2022\/wp-json\/wp\/v2\/comments?post=1480"}],"version-history":[{"count":17,"href":"https:\/\/bilisimyildizlari.org.tr\/2022\/wp-json\/wp\/v2\/pages\/1480\/revisions"}],"predecessor-version":[{"id":1513,"href":"https:\/\/bilisimyildizlari.org.tr\/2022\/wp-json\/wp\/v2\/pages\/1480\/revisions\/1513"}],"wp:featuredmedia":[{"embeddable":true,"href":"https:\/\/bilisimyildizlari.org.tr\/2022\/wp-json\/wp\/v2\/media\/41"}],"wp:attachment":[{"href":"https:\/\/bilisimyildizlari.org.tr\/2022\/wp-json\/wp\/v2\/media?parent=1480"}],"curies":[{"name":"wp","href":"https:\/\/api.w.org\/{rel}","templated":true}]}}