{"id":1982,"date":"2025-11-26T16:20:24","date_gmt":"2025-11-26T13:20:24","guid":{"rendered":"https:\/\/bilisimyildizlari.org.tr\/2025\/?page_id=1982"},"modified":"2025-11-26T16:20:52","modified_gmt":"2025-11-26T13:20:52","slug":"yapay-zeka-destekli-dinamik-raporlama-araci-managesql","status":"publish","type":"page","link":"https:\/\/bilisimyildizlari.org.tr\/2025\/yapay-zeka-destekli-dinamik-raporlama-araci-managesql","title":{"rendered":"Yapay Zeka Destekli Dinamik Raporlama Arac\u0131 ManageSQL"},"content":{"rendered":"\n<p><strong>KURUM<\/strong>: \u0130leti\u015fim Bilgisayar Yaz\u0131l\u0131m Sis. \u0130hr. \u0130th. San. ve Tic. A.\u015e.<\/p>\n\n\n\n<p><strong>SEH\u0130R<\/strong>: Bursa<\/p>\n\n\n\n<p><strong><a href=\"https:\/\/www.iletisimyazilim.com\/cozumler\/yapay-zeka-ve-tahminleme\/managesql-akilli-sorgu-yonetimi\">PROJE URL<\/a><\/strong><\/p>\n\n\n\n<p><strong>D\u00dcZEY<\/strong>: \u00d6zel Sekt\u00f6r Firmalar\u0131<\/p>\n\n\n\n<p><strong>ALAN<\/strong>: B\u00fcy\u00fck Veri, Yapay Zek\u00e2, Makine \u00d6\u011frenmesi ve Veri Madencili\u011fi<\/p>\n\n\n\n<p><strong>PROJE \u00d6ZET<\/strong>: Bu proje, \u00fcretim y\u00f6netimi (MES) ve i\u015f s\u00fcre\u00e7leri y\u00f6netimi (BPM) alanlar\u0131nda faaliyet g\u00f6steren firmalar\u0131n veriye dayal\u0131 karar alma s\u00fcre\u00e7lerini kolayla\u015ft\u0131rmak amac\u0131yla geli\u015ftirilmi\u015f, yapay zek\u00e2 destekli bir ak\u0131ll\u0131 raporlama ve analiz sistemidir. Kullan\u0131c\u0131lar\u0131n teknik bilgiye ihtiya\u00e7 duymadan yaln\u0131zca g\u00fcnl\u00fck dili kullanarak istedikleri raporlar\u0131 ve dashboard\u2019lar\u0131 olu\u015fturabilmesine olanak tan\u0131yan bu sistem, b\u00fcy\u00fck dil modelleri (LLM) arac\u0131l\u0131\u011f\u0131yla kullan\u0131c\u0131 ifadelerini veritaban\u0131na uygun SQL sorgular\u0131na d\u00f6n\u00fc\u015ft\u00fcrmekte ve sonu\u00e7lar\u0131 anl\u0131k olarak analiz ekranlar\u0131nda sunmaktad\u0131r.<br>Sistem yaln\u0131zca do\u011fal dilden SQL \u00fcretimiyle s\u0131n\u0131rl\u0131 kalmay\u0131p, ayn\u0131 zamanda veritaban\u0131 performans ekranlar\u0131yla da zenginle\u015ftirilmi\u015f; yo\u011fun kullan\u0131lan tablolar, yava\u015f \u00e7al\u0131\u015fan sorgular ve genel sistem sa\u011fl\u0131\u011f\u0131 gibi kritik metrikleri kullan\u0131c\u0131 dostu aray\u00fczlerle g\u00f6rselle\u015ftirebilmektedir.<br>T\u00dcB\u0130TAK 1501 Sanayi Ar-Ge Projeleri Destekleme Program\u0131 kapsam\u0131nda desteklenmeye hak kazanm\u0131\u015f olan bu proje, h\u00e2lihaz\u0131rda CoralReef MES ve ManageMind BPM \u00e7\u00f6z\u00fcmlerimizle tam entegre \u00e7al\u0131\u015fmakta olup, geli\u015ftirme s\u00fcrecinin sonuna gelinmi\u015f ve 300\u2019den fazla m\u00fc\u015fterimize sunulmaya haz\u0131r durumdad\u0131r.<br>Projenin bir sonraki a\u015famas\u0131nda farkl\u0131 ERP, MES ve CRM platformlar\u0131yla da entegre \u00e7al\u0131\u015fabilecek \u015fekilde geni\u015fletilmesi planlanmakta; b\u00f6ylece daha geni\u015f bir pazar\u0131n ihtiya\u00e7lar\u0131na cevap verecek esnek, s\u00fcrd\u00fcr\u00fclebilir ve \u00f6l\u00e7eklenebilir bir yapay zek\u00e2 \u00e7\u00f6z\u00fcm\u00fc olarak konumland\u0131r\u0131lmas\u0131 hedeflenmektedir.<\/p>\n","protected":false},"excerpt":{"rendered":"<p>KURUM: \u0130leti\u015fim Bilgisayar Yaz\u0131l\u0131m Sis. \u0130hr. \u0130th. San. ve Tic. A.\u015e. SEH\u0130R: Bursa PROJE URL D\u00dcZEY: \u00d6zel Sekt\u00f6r Firmalar\u0131 ALAN: B\u00fcy\u00fck Veri, Yapay Zek\u00e2, Makine \u00d6\u011frenmesi ve Veri Madencili\u011fi PROJE \u00d6ZET: Bu proje, \u00fcretim y\u00f6netimi (MES) ve i\u015f s\u00fcre\u00e7leri y\u00f6netimi (BPM) alanlar\u0131nda faaliyet g\u00f6steren firmalar\u0131n veriye dayal\u0131 karar alma s\u00fcre\u00e7lerini kolayla\u015ft\u0131rmak amac\u0131yla geli\u015ftirilmi\u015f, yapay zek\u00e2 &hellip; <\/p>\n","protected":false},"author":4,"featured_media":0,"parent":0,"menu_order":0,"comment_status":"closed","ping_status":"closed","template":"","meta":{"footnotes":""},"class_list":["post-1982","page","type-page","status-publish","hentry"],"yoast_head":"<!-- This site is optimized with the Yoast SEO plugin v27.5 - https:\/\/yoast.com\/product\/yoast-seo-wordpress\/ -->\n<title>Yapay Zeka Destekli Dinamik Raporlama Arac\u0131 ManageSQL - Bili\u015fim Y\u0131ld\u0131zlar\u0131 2025<\/title>\n<meta name=\"robots\" content=\"index, follow, max-snippet:-1, max-image-preview:large, max-video-preview:-1\" \/>\n<link rel=\"canonical\" href=\"https:\/\/bilisimyildizlari.org.tr\/2025\/yapay-zeka-destekli-dinamik-raporlama-araci-managesql\" \/>\n<meta property=\"og:locale\" content=\"tr_TR\" \/>\n<meta property=\"og:type\" content=\"article\" \/>\n<meta property=\"og:title\" content=\"Yapay Zeka Destekli Dinamik Raporlama Arac\u0131 ManageSQL - Bili\u015fim Y\u0131ld\u0131zlar\u0131 2025\" \/>\n<meta property=\"og:description\" content=\"KURUM: \u0130leti\u015fim Bilgisayar Yaz\u0131l\u0131m Sis. \u0130hr. \u0130th. San. ve Tic. A.\u015e. SEH\u0130R: Bursa PROJE URL D\u00dcZEY: \u00d6zel Sekt\u00f6r Firmalar\u0131 ALAN: B\u00fcy\u00fck Veri, Yapay Zek\u00e2, Makine \u00d6\u011frenmesi ve Veri Madencili\u011fi PROJE \u00d6ZET: Bu proje, \u00fcretim y\u00f6netimi (MES) ve i\u015f s\u00fcre\u00e7leri y\u00f6netimi (BPM) alanlar\u0131nda faaliyet g\u00f6steren firmalar\u0131n veriye dayal\u0131 karar alma s\u00fcre\u00e7lerini kolayla\u015ft\u0131rmak amac\u0131yla geli\u015ftirilmi\u015f, yapay zek\u00e2 &hellip;\" \/>\n<meta property=\"og:url\" content=\"https:\/\/bilisimyildizlari.org.tr\/2025\/yapay-zeka-destekli-dinamik-raporlama-araci-managesql\" \/>\n<meta property=\"og:site_name\" content=\"Bili\u015fim Y\u0131ld\u0131zlar\u0131 2025\" \/>\n<meta property=\"article:modified_time\" content=\"2025-11-26T13:20:52+00:00\" \/>\n<meta name=\"twitter:card\" content=\"summary_large_image\" \/>\n<meta name=\"twitter:label1\" content=\"Tahmini okuma s\u00fcresi\" \/>\n\t<meta name=\"twitter:data1\" content=\"2 dakika\" \/>\n<script type=\"application\/ld+json\" class=\"yoast-schema-graph\">{\"@context\":\"https:\\\/\\\/schema.org\",\"@graph\":[{\"@type\":\"WebPage\",\"@id\":\"https:\\\/\\\/bilisimyildizlari.org.tr\\\/2025\\\/yapay-zeka-destekli-dinamik-raporlama-araci-managesql\",\"url\":\"https:\\\/\\\/bilisimyildizlari.org.tr\\\/2025\\\/yapay-zeka-destekli-dinamik-raporlama-araci-managesql\",\"name\":\"Yapay Zeka Destekli Dinamik Raporlama Arac\u0131 ManageSQL - Bili\u015fim Y\u0131ld\u0131zlar\u0131 2025\",\"isPartOf\":{\"@id\":\"https:\\\/\\\/bilisimyildizlari.org.tr\\\/2025\\\/#website\"},\"datePublished\":\"2025-11-26T13:20:24+00:00\",\"dateModified\":\"2025-11-26T13:20:52+00:00\",\"breadcrumb\":{\"@id\":\"https:\\\/\\\/bilisimyildizlari.org.tr\\\/2025\\\/yapay-zeka-destekli-dinamik-raporlama-araci-managesql#breadcrumb\"},\"inLanguage\":\"tr\",\"potentialAction\":[{\"@type\":\"ReadAction\",\"target\":[\"https:\\\/\\\/bilisimyildizlari.org.tr\\\/2025\\\/yapay-zeka-destekli-dinamik-raporlama-araci-managesql\"]}]},{\"@type\":\"BreadcrumbList\",\"@id\":\"https:\\\/\\\/bilisimyildizlari.org.tr\\\/2025\\\/yapay-zeka-destekli-dinamik-raporlama-araci-managesql#breadcrumb\",\"itemListElement\":[{\"@type\":\"ListItem\",\"position\":1,\"name\":\"Anasayfa\",\"item\":\"https:\\\/\\\/bilisimyildizlari.org.tr\\\/2025\\\/\"},{\"@type\":\"ListItem\",\"position\":2,\"name\":\"Yapay Zeka Destekli Dinamik Raporlama Arac\u0131 ManageSQL\"}]},{\"@type\":\"WebSite\",\"@id\":\"https:\\\/\\\/bilisimyildizlari.org.tr\\\/2025\\\/#website\",\"url\":\"https:\\\/\\\/bilisimyildizlari.org.tr\\\/2025\\\/\",\"name\":\"Bili\u015fim Y\u0131ld\u0131zlar\u0131 2025\",\"description\":\"TBD \u0130stanbul Bili\u015fim Y\u0131ld\u0131zlar\u0131 Yar\u0131\u015fmas\u0131\",\"publisher\":{\"@id\":\"https:\\\/\\\/bilisimyildizlari.org.tr\\\/2025\\\/#organization\"},\"potentialAction\":[{\"@type\":\"SearchAction\",\"target\":{\"@type\":\"EntryPoint\",\"urlTemplate\":\"https:\\\/\\\/bilisimyildizlari.org.tr\\\/2025\\\/?s={search_term_string}\"},\"query-input\":{\"@type\":\"PropertyValueSpecification\",\"valueRequired\":true,\"valueName\":\"search_term_string\"}}],\"inLanguage\":\"tr\"},{\"@type\":\"Organization\",\"@id\":\"https:\\\/\\\/bilisimyildizlari.org.tr\\\/2025\\\/#organization\",\"name\":\"Bili\u015fim Y\u0131ld\u0131zlar\u0131 2025\",\"url\":\"https:\\\/\\\/bilisimyildizlari.org.tr\\\/2025\\\/\",\"logo\":{\"@type\":\"ImageObject\",\"inLanguage\":\"tr\",\"@id\":\"https:\\\/\\\/bilisimyildizlari.org.tr\\\/2025\\\/#\\\/schema\\\/logo\\\/image\\\/\",\"url\":\"https:\\\/\\\/bilisimyildizlari.org.tr\\\/2025\\\/wp-content\\\/uploads\\\/sites\\\/9\\\/2022\\\/04\\\/TBD_ist_logo1.png\",\"contentUrl\":\"https:\\\/\\\/bilisimyildizlari.org.tr\\\/2025\\\/wp-content\\\/uploads\\\/sites\\\/9\\\/2022\\\/04\\\/TBD_ist_logo1.png\",\"width\":185,\"height\":80,\"caption\":\"Bili\u015fim Y\u0131ld\u0131zlar\u0131 2025 \"},\"image\":{\"@id\":\"https:\\\/\\\/bilisimyildizlari.org.tr\\\/2025\\\/#\\\/schema\\\/logo\\\/image\\\/\"}}]}<\/script>\n<!-- \/ Yoast SEO plugin. -->","yoast_head_json":{"title":"Yapay Zeka Destekli Dinamik Raporlama Arac\u0131 ManageSQL - Bili\u015fim Y\u0131ld\u0131zlar\u0131 2025","robots":{"index":"index","follow":"follow","max-snippet":"max-snippet:-1","max-image-preview":"max-image-preview:large","max-video-preview":"max-video-preview:-1"},"canonical":"https:\/\/bilisimyildizlari.org.tr\/2025\/yapay-zeka-destekli-dinamik-raporlama-araci-managesql","og_locale":"tr_TR","og_type":"article","og_title":"Yapay Zeka Destekli Dinamik Raporlama Arac\u0131 ManageSQL - Bili\u015fim Y\u0131ld\u0131zlar\u0131 2025","og_description":"KURUM: \u0130leti\u015fim Bilgisayar Yaz\u0131l\u0131m Sis. \u0130hr. \u0130th. San. ve Tic. A.\u015e. SEH\u0130R: Bursa PROJE URL D\u00dcZEY: \u00d6zel Sekt\u00f6r Firmalar\u0131 ALAN: B\u00fcy\u00fck Veri, Yapay Zek\u00e2, Makine \u00d6\u011frenmesi ve Veri Madencili\u011fi PROJE \u00d6ZET: Bu proje, \u00fcretim y\u00f6netimi (MES) ve i\u015f s\u00fcre\u00e7leri y\u00f6netimi (BPM) alanlar\u0131nda faaliyet g\u00f6steren firmalar\u0131n veriye dayal\u0131 karar alma s\u00fcre\u00e7lerini kolayla\u015ft\u0131rmak amac\u0131yla geli\u015ftirilmi\u015f, yapay zek\u00e2 &hellip;","og_url":"https:\/\/bilisimyildizlari.org.tr\/2025\/yapay-zeka-destekli-dinamik-raporlama-araci-managesql","og_site_name":"Bili\u015fim Y\u0131ld\u0131zlar\u0131 2025","article_modified_time":"2025-11-26T13:20:52+00:00","twitter_card":"summary_large_image","twitter_misc":{"Tahmini okuma s\u00fcresi":"2 dakika"},"schema":{"@context":"https:\/\/schema.org","@graph":[{"@type":"WebPage","@id":"https:\/\/bilisimyildizlari.org.tr\/2025\/yapay-zeka-destekli-dinamik-raporlama-araci-managesql","url":"https:\/\/bilisimyildizlari.org.tr\/2025\/yapay-zeka-destekli-dinamik-raporlama-araci-managesql","name":"Yapay Zeka Destekli Dinamik Raporlama Arac\u0131 ManageSQL - Bili\u015fim Y\u0131ld\u0131zlar\u0131 2025","isPartOf":{"@id":"https:\/\/bilisimyildizlari.org.tr\/2025\/#website"},"datePublished":"2025-11-26T13:20:24+00:00","dateModified":"2025-11-26T13:20:52+00:00","breadcrumb":{"@id":"https:\/\/bilisimyildizlari.org.tr\/2025\/yapay-zeka-destekli-dinamik-raporlama-araci-managesql#breadcrumb"},"inLanguage":"tr","potentialAction":[{"@type":"ReadAction","target":["https:\/\/bilisimyildizlari.org.tr\/2025\/yapay-zeka-destekli-dinamik-raporlama-araci-managesql"]}]},{"@type":"BreadcrumbList","@id":"https:\/\/bilisimyildizlari.org.tr\/2025\/yapay-zeka-destekli-dinamik-raporlama-araci-managesql#breadcrumb","itemListElement":[{"@type":"ListItem","position":1,"name":"Anasayfa","item":"https:\/\/bilisimyildizlari.org.tr\/2025\/"},{"@type":"ListItem","position":2,"name":"Yapay Zeka Destekli Dinamik Raporlama Arac\u0131 ManageSQL"}]},{"@type":"WebSite","@id":"https:\/\/bilisimyildizlari.org.tr\/2025\/#website","url":"https:\/\/bilisimyildizlari.org.tr\/2025\/","name":"Bili\u015fim Y\u0131ld\u0131zlar\u0131 2025","description":"TBD \u0130stanbul Bili\u015fim Y\u0131ld\u0131zlar\u0131 Yar\u0131\u015fmas\u0131","publisher":{"@id":"https:\/\/bilisimyildizlari.org.tr\/2025\/#organization"},"potentialAction":[{"@type":"SearchAction","target":{"@type":"EntryPoint","urlTemplate":"https:\/\/bilisimyildizlari.org.tr\/2025\/?s={search_term_string}"},"query-input":{"@type":"PropertyValueSpecification","valueRequired":true,"valueName":"search_term_string"}}],"inLanguage":"tr"},{"@type":"Organization","@id":"https:\/\/bilisimyildizlari.org.tr\/2025\/#organization","name":"Bili\u015fim Y\u0131ld\u0131zlar\u0131 2025","url":"https:\/\/bilisimyildizlari.org.tr\/2025\/","logo":{"@type":"ImageObject","inLanguage":"tr","@id":"https:\/\/bilisimyildizlari.org.tr\/2025\/#\/schema\/logo\/image\/","url":"https:\/\/bilisimyildizlari.org.tr\/2025\/wp-content\/uploads\/sites\/9\/2022\/04\/TBD_ist_logo1.png","contentUrl":"https:\/\/bilisimyildizlari.org.tr\/2025\/wp-content\/uploads\/sites\/9\/2022\/04\/TBD_ist_logo1.png","width":185,"height":80,"caption":"Bili\u015fim Y\u0131ld\u0131zlar\u0131 2025 "},"image":{"@id":"https:\/\/bilisimyildizlari.org.tr\/2025\/#\/schema\/logo\/image\/"}}]}},"_links":{"self":[{"href":"https:\/\/bilisimyildizlari.org.tr\/2025\/wp-json\/wp\/v2\/pages\/1982","targetHints":{"allow":["GET"]}}],"collection":[{"href":"https:\/\/bilisimyildizlari.org.tr\/2025\/wp-json\/wp\/v2\/pages"}],"about":[{"href":"https:\/\/bilisimyildizlari.org.tr\/2025\/wp-json\/wp\/v2\/types\/page"}],"author":[{"embeddable":true,"href":"https:\/\/bilisimyildizlari.org.tr\/2025\/wp-json\/wp\/v2\/users\/4"}],"replies":[{"embeddable":true,"href":"https:\/\/bilisimyildizlari.org.tr\/2025\/wp-json\/wp\/v2\/comments?post=1982"}],"version-history":[{"count":3,"href":"https:\/\/bilisimyildizlari.org.tr\/2025\/wp-json\/wp\/v2\/pages\/1982\/revisions"}],"predecessor-version":[{"id":1986,"href":"https:\/\/bilisimyildizlari.org.tr\/2025\/wp-json\/wp\/v2\/pages\/1982\/revisions\/1986"}],"wp:attachment":[{"href":"https:\/\/bilisimyildizlari.org.tr\/2025\/wp-json\/wp\/v2\/media?parent=1982"}],"curies":[{"name":"wp","href":"https:\/\/api.w.org\/{rel}","templated":true}]}}